CRAN Package Check Results for Package memuse

Last updated on 2022-10-07 03:55:59 CEST.

Flavor Version Tinstall Tcheck Ttotal Status Flags
r-devel-linux-x86_64-debian-clang 4.2-1 8.25 48.12 56.37 OK
r-devel-linux-x86_64-debian-gcc 4.2-1 7.27 37.38 44.65 WARN
r-devel-linux-x86_64-fedora-clang 4.2-1 83.37 WARN
r-devel-linux-x86_64-fedora-gcc 4.2-1 80.91 WARN
r-devel-windows-x86_64 4.2-1 49.00 95.00 144.00 OK
r-patched-linux-x86_64 4.2-1 8.06 46.14 54.20 OK
r-release-linux-x86_64 4.2-1 8.52 46.23 54.75 OK
r-release-macos-arm64 4.2-1 29.00 OK
r-release-macos-x86_64 4.2-1 42.00 OK
r-release-windows-x86_64 4.2-1 33.00 89.00 122.00 OK
r-oldrel-macos-arm64 4.2-1 47.00 OK
r-oldrel-macos-x86_64 4.2-1 46.00 OK
r-oldrel-windows-ix86+x86_64 4.2-1 28.00 73.00 101.00 OK

Check Details

Version: 4.2-1
Check: whether package can be installed
Result: WARN
    Found the following significant warnings:
     meminfo/src/meminfo.h:61:1: warning: function declaration isn’t a prototype [-Wstrict-prototypes]
     wrappers.c:48:6: warning: function declaration isn’t a prototype [-Wstrict-prototypes]
     wrappers.c:71:6: warning: function declaration isn’t a prototype [-Wstrict-prototypes]
     wrappers.c:93:6: warning: function declaration isn’t a prototype [-Wstrict-prototypes]
     wrappers.c:129:6: warning: function declaration isn’t a prototype [-Wstrict-prototypes]
     memuse_native.c:8:1: warning: function declaration isn’t a prototype [-Wstrict-prototypes]
     memuse_native.c:11:1: warning: function declaration isn’t a prototype [-Wstrict-prototypes]
     memuse_native.c:12:1: warning: function declaration isn’t a prototype [-Wstrict-prototypes]
     memuse_native.c:14:1: warning: function declaration isn’t a prototype [-Wstrict-prototypes]
Flavors: r-devel-linux-x86_64-debian-gcc, r-devel-linux-x86_64-fedora-gcc

Version: 4.2-1
Check: compilation flags used
Result: NOTE
    Compilation used the following non-portable flag(s):
     ‘-Wstrict-prototypes’
Flavor: r-devel-linux-x86_64-debian-gcc

Version: 4.2-1
Check: whether package can be installed
Result: WARN
    Found the following significant warnings:
     meminfo/src/meminfo.h:61:24: warning: a function declaration without a prototype is deprecated in all versions of C [-Wstrict-prototypes]
     ./meminfo/src/meminfo.h:61:24: warning: a function declaration without a prototype is deprecated in all versions of C [-Wstrict-prototypes]
     wrappers.c:48:23: warning: a function declaration without a prototype is deprecated in all versions of C [-Wstrict-prototypes]
     wrappers.c:71:24: warning: a function declaration without a prototype is deprecated in all versions of C [-Wstrict-prototypes]
     wrappers.c:93:24: warning: a function declaration without a prototype is deprecated in all versions of C [-Wstrict-prototypes]
     wrappers.c:129:34: warning: a function declaration without a prototype is deprecated in all versions of C [-Wstrict-prototypes]
     memuse_native.c:8:41: warning: a function declaration without a prototype is deprecated in all versions of C [-Wstrict-prototypes]
     memuse_native.c:11:31: warning: a function declaration without a prototype is deprecated in all versions of C [-Wstrict-prototypes]
     memuse_native.c:12:30: warning: a function declaration without a prototype is deprecated in all versions of C [-Wstrict-prototypes]
     memuse_native.c:14:31: warning: a function declaration without a prototype is deprecated in all versions of C [-Wstrict-prototypes]
Flavor: r-devel-linux-x86_64-fedora-clang