CRAN Package Check Results for Package memo

Last updated on 2023-02-05 15:55:20 CET.

Flavor Version Tinstall Tcheck Ttotal Status Flags
r-devel-linux-x86_64-debian-clang 1.0.2 2.81 25.90 28.71 WARN
r-devel-linux-x86_64-debian-gcc 1.0.2 2.46 20.10 22.56 WARN
r-devel-linux-x86_64-fedora-clang 1.0.2 36.93 WARN
r-devel-linux-x86_64-fedora-gcc 1.0.2 46.16 WARN
r-devel-windows-x86_64 1.0.2 17.00 59.00 76.00 OK
r-patched-linux-x86_64 1.0.2 2.93 26.07 29.00 OK
r-release-linux-x86_64 1.0.2 2.66 26.30 28.96 OK
r-release-macos-arm64 1.0.2 21.00 OK
r-release-macos-x86_64 1.0.2 26.00 OK
r-release-windows-x86_64 1.0.2 20.00 61.00 81.00 OK
r-oldrel-macos-arm64 1.0.2 21.00 OK
r-oldrel-macos-x86_64 1.0.2 24.00 OK
r-oldrel-windows-ix86+x86_64 1.0.2 11.00 60.00 71.00 OK

Check Details

Version: 1.0.2
Check: compiled code
Result: WARN
    File ‘memo/libs/memo.so’:
     Found ‘__sprintf_chk’, possibly from ‘sprintf’ (C)
     Object: ‘getPointer.o’
    
    Compiled code should not call entry points which might terminate R nor
    write to stdout/stderr instead of to the console, nor use Fortran I/O
    nor system RNGs nor [v]sprintf.
    
    See ‘Writing portable packages’ in the ‘Writing R Extensions’ manual.
Flavors: r-devel-linux-x86_64-debian-clang, r-devel-linux-x86_64-debian-gcc, r-devel-linux-x86_64-fedora-gcc

Version: 1.0.2
Check: compiled code
Result: WARN
    File ‘memo/libs/memo.so’:
     Found ‘sprintf’, possibly from ‘sprintf’ (C)
     Object: ‘getPointer.o’
    
    Compiled code should not call entry points which might terminate R nor
    write to stdout/stderr instead of to the console, nor use Fortran I/O
    nor system RNGs nor [v]sprintf.
    
    See ‘Writing portable packages’ in the ‘Writing R Extensions’ manual.
Flavor: r-devel-linux-x86_64-fedora-clang