CRAN Package Check Results for Package meifly

Last updated on 2022-01-16 15:48:32 CET.

Flavor Version Tinstall Tcheck Ttotal Status Flags
r-devel-linux-x86_64-debian-clang 0.3 2.69 36.41 39.10 NOTE
r-devel-linux-x86_64-debian-gcc 0.3 2.10 28.21 30.31 NOTE
r-devel-linux-x86_64-fedora-clang 0.3 48.42 NOTE
r-devel-linux-x86_64-fedora-gcc 0.3 37.13 NOTE
r-devel-windows-x86_64-new-UL 0.3 20.00 56.00 76.00 NOTE
r-devel-windows-x86_64-new-TK 0.3 NOTE
r-patched-linux-x86_64 0.3 2.88 35.20 38.08 NOTE
r-release-linux-x86_64 0.3 NOTE
r-release-macos-arm64 0.3 NOTE
r-release-macos-x86_64 0.3 NOTE
r-release-windows-ix86+x86_64 0.3 6.00 48.00 54.00 NOTE
r-oldrel-macos-x86_64 0.3 NOTE
r-oldrel-windows-ix86+x86_64 0.3 6.00 46.00 52.00 NOTE

Check Details

Version: 0.3
Check: R code for possible problems
Result: NOTE
    .df: no visible global function definition for 'logLik'
    coef_simple: no visible global function definition for 'coef'
    fitall: no visible binding for global variable 'as.formula'
    fitbest: no visible binding for global variable 'as.formula'
    lmboot: no visible global function definition for 'lm'
    residuals.ensemble : <anonymous>: no visible global function definition
     for 'resid'
    residuals.ensemble : <anonymous>: no visible global function definition
     for 'rstudent'
    residuals.ensemble : <anonymous>: no visible global function definition
     for 'fitted'
    residuals.ensemble : <anonymous>: no visible global function definition
     for 'influence.measures'
    stdcoef: no visible global function definition for 'coef'
    stdcoef: no visible global function definition for 'update'
    summary.ensemble : <anonymous>: no visible global function definition
     for 'logLik'
    summary.ensemble : <anonymous>: no visible global function definition
     for 'AIC'
    summary.ensemble : <anonymous>: no visible global function definition
     for 'fitted'
    summary.resid_ensemble: no visible binding for global variable
     'rstudent'
    summary.resid_ensemble: no visible global function definition for 'sd'
    summary.variable_ensemble: no visible global function definition for
     'sd'
    Undefined global functions or variables:
     AIC as.formula coef fitted influence.measures lm logLik resid
     rstudent sd update
    Consider adding
     importFrom("stats", "AIC", "as.formula", "coef", "fitted",
     "influence.measures", "lm", "logLik", "resid", "rstudent",
     "sd", "update")
    to your NAMESPACE file.
Flavors: r-devel-linux-x86_64-debian-clang, r-devel-linux-x86_64-debian-gcc, r-devel-linux-x86_64-fedora-clang, r-devel-linux-x86_64-fedora-gcc, r-devel-windows-x86_64-new-UL, r-devel-windows-x86_64-new-TK, r-patched-linux-x86_64, r-release-linux-x86_64, r-release-macos-arm64, r-release-macos-x86_64, r-release-windows-ix86+x86_64, r-oldrel-macos-x86_64, r-oldrel-windows-ix86+x86_64

Version: 0.3
Check: LazyData
Result: NOTE
     'LazyData' is specified without a 'data' directory
Flavors: r-devel-linux-x86_64-debian-clang, r-devel-linux-x86_64-debian-gcc, r-devel-linux-x86_64-fedora-clang, r-devel-linux-x86_64-fedora-gcc, r-devel-windows-x86_64-new-UL, r-devel-windows-x86_64-new-TK, r-patched-linux-x86_64, r-release-linux-x86_64, r-release-macos-arm64, r-release-macos-x86_64, r-release-windows-ix86+x86_64