CRAN Package Check Results for Package medflex

Last updated on 2022-01-25 04:00:07 CET.

Flavor Version Tinstall Tcheck Ttotal Status Flags
r-devel-linux-x86_64-debian-clang 0.6-7 7.96 108.26 116.22 OK
r-devel-linux-x86_64-debian-gcc 0.6-7 9.58 85.04 94.62 OK
r-devel-linux-x86_64-fedora-clang 0.6-7 147.26 OK
r-devel-linux-x86_64-fedora-gcc 0.6-7 138.45 OK
r-devel-windows-x86_64-new-UL 0.6-7 37.00 166.00 203.00 OK
r-devel-windows-x86_64-new-TK 0.6-7 ERROR
r-patched-linux-x86_64 0.6-7 17.13 105.74 122.87 OK
r-release-linux-x86_64 0.6-7 8.67 105.07 113.74 OK
r-release-macos-arm64 0.6-7 OK
r-release-macos-x86_64 0.6-7 OK
r-release-windows-ix86+x86_64 0.6-7 23.00 129.00 152.00 OK
r-oldrel-macos-x86_64 0.6-7 OK
r-oldrel-windows-ix86+x86_64 0.6-7 27.00 128.00 155.00 OK

Check Details

Version: 0.6-7
Check: package dependencies
Result: ERROR
    Package required but not available: 'car'
    
    Package suggested but not available for checking: 'arm'
    
    See section 'The DESCRIPTION file' in the 'Writing R Extensions'
    manual.
Flavor: r-devel-windows-x86_64-new-TK