CRAN Package Check Results for Package mdsr

Last updated on 2021-10-24 15:51:09 CEST.

Flavor Version Tinstall Tcheck Ttotal Status Flags
r-devel-linux-x86_64-debian-clang 0.2.5 44.32 84.04 128.36 OK
r-devel-linux-x86_64-debian-gcc 0.2.5 32.44 65.19 97.63 OK
r-devel-linux-x86_64-fedora-clang 0.2.5 167.15 NOTE
r-devel-linux-x86_64-fedora-gcc 0.2.5 155.38 NOTE
r-devel-windows-x86_64 0.2.5 57.00 115.00 172.00 OK
r-devel-windows-x86_64-gcc10-UCRT 0.2.5 NOTE
r-patched-linux-x86_64 0.2.5 39.17 78.52 117.69 OK
r-patched-solaris-x86 0.2.5 314.70 NOTE
r-release-linux-x86_64 0.2.5 40.00 78.47 118.47 OK
r-release-macos-arm64 0.2.5 NOTE
r-release-macos-x86_64 0.2.5 NOTE
r-release-windows-ix86+x86_64 0.2.5 49.00 120.00 169.00 OK
r-oldrel-macos-x86_64 0.2.5 NOTE
r-oldrel-windows-ix86+x86_64 0.2.5 65.00 117.00 182.00 OK

Check Details

Version: 0.2.5
Check: data for non-ASCII characters
Result: NOTE
     Note: found 2866 marked UTF-8 strings
Flavors: r-devel-linux-x86_64-fedora-clang, r-devel-linux-x86_64-fedora-gcc, r-devel-windows-x86_64-gcc10-UCRT, r-patched-solaris-x86, r-release-macos-arm64, r-release-macos-x86_64, r-oldrel-macos-x86_64

Version: 0.2.5
Check: installed package size
Result: NOTE
     installed size is 5.2Mb
     sub-directories of 1Mb or more:
     data 5.0Mb
Flavor: r-release-macos-arm64