CRAN Package Check Results for Package mdgc

Last updated on 2022-10-07 15:53:01 CEST.

Flavor Version Tinstall Tcheck Ttotal Status Flags
r-devel-linux-x86_64-debian-clang 0.1.6 161.00 90.33 251.33 OK
r-devel-linux-x86_64-debian-gcc 0.1.6 124.68 65.12 189.80 WARN
r-devel-linux-x86_64-fedora-clang 0.1.6 239.08 ERROR
r-devel-linux-x86_64-fedora-gcc 0.1.6 322.78 WARN
r-devel-windows-x86_64 0.1.6 129.00 144.00 273.00 OK
r-patched-linux-x86_64 0.1.6 112.49 87.88 200.37 OK
r-release-linux-x86_64 0.1.6 95.59 88.69 184.28 OK
r-release-macos-arm64 0.1.6 82.00 NOTE
r-release-macos-x86_64 0.1.6 99.00 NOTE
r-release-windows-x86_64 0.1.6 137.00 141.00 278.00 OK
r-oldrel-macos-arm64 0.1.6 85.00 NOTE
r-oldrel-macos-x86_64 0.1.6 111.00 NOTE
r-oldrel-windows-ix86+x86_64 0.1.6 361.00 240.00 601.00 OK

Check Details

Version: 0.1.6
Check: whether package can be installed
Result: WARN
    Found the following significant warnings:
     threat-safe-random.h:58:1: warning: function declaration isn’t a prototype [-Wstrict-prototypes]
     threat-safe-random.h:70:1: warning: function declaration isn’t a prototype [-Wstrict-prototypes]
Flavors: r-devel-linux-x86_64-debian-gcc, r-devel-linux-x86_64-fedora-gcc

Version: 0.1.6
Check: compilation flags used
Result: NOTE
    Compilation used the following non-portable flag(s):
     ‘-Wstrict-prototypes’
Flavor: r-devel-linux-x86_64-debian-gcc

Version: 0.1.6
Check: whether package can be installed
Result: ERROR
    Installation failed.
Flavor: r-devel-linux-x86_64-fedora-clang

Version: 0.1.6
Check: installed package size
Result: NOTE
     installed size is 10.8Mb
     sub-directories of 1Mb or more:
     libs 10.4Mb
Flavors: r-release-macos-arm64, r-release-macos-x86_64, r-oldrel-macos-arm64, r-oldrel-macos-x86_64