Last updated on 2023-01-29 16:55:02 CET.
Flavor | Version | Tinstall | Tcheck | Ttotal | Status | Flags |
---|---|---|---|---|---|---|
r-devel-linux-x86_64-debian-clang | 2.1.0 | 30.57 | 54.24 | 84.81 | OK | |
r-devel-linux-x86_64-debian-gcc | 2.1.0 | 24.33 | 41.35 | 65.68 | NOTE | |
r-devel-linux-x86_64-fedora-clang | 2.1.0 | 135.84 | OK | |||
r-devel-linux-x86_64-fedora-gcc | 2.1.0 | 124.66 | NOTE | |||
r-devel-windows-x86_64 | 2.1.0 | 44.00 | 108.00 | 152.00 | NOTE | |
r-patched-linux-x86_64 | 2.1.0 | 25.57 | 52.89 | 78.46 | OK | |
r-release-linux-x86_64 | 2.1.0 | 26.57 | 53.10 | 79.67 | OK | |
r-release-macos-arm64 | 2.1.0 | 40.00 | OK | |||
r-release-macos-x86_64 | 2.1.0 | 59.00 | OK | |||
r-release-windows-x86_64 | 2.1.0 | 44.00 | 108.00 | 152.00 | OK | |
r-oldrel-macos-arm64 | 2.1.0 | 39.00 | OK | |||
r-oldrel-macos-x86_64 | 2.1.0 | 74.00 | OK | |||
r-oldrel-windows-ix86+x86_64 | 2.1.0 | 78.00 | 106.00 | 184.00 | OK |
Version: 2.1.0
Check: C++ specification
Result: NOTE
Specified C++11: please update to current default of C++17
Flavors: r-devel-linux-x86_64-debian-gcc, r-devel-linux-x86_64-fedora-gcc, r-devel-windows-x86_64