Last updated on 2023-04-01 15:51:58 CEST.
Flavor | Version | Tinstall | Tcheck | Ttotal | Status | Flags |
---|---|---|---|---|---|---|
r-devel-linux-x86_64-debian-clang | 0.5-3 | 9.62 | 40.49 | 50.11 | NOTE | |
r-devel-linux-x86_64-debian-gcc | 0.5-3 | 7.58 | 30.64 | 38.22 | NOTE | |
r-devel-linux-x86_64-fedora-clang | 0.5-3 | 60.20 | NOTE | |||
r-devel-linux-x86_64-fedora-gcc | 0.5-3 | 58.22 | NOTE | |||
r-devel-windows-x86_64 | 0.5-3 | 19.00 | 71.00 | 90.00 | NOTE | |
r-patched-linux-x86_64 | 0.5-3 | 10.25 | 39.12 | 49.37 | NOTE | |
r-release-linux-x86_64 | 0.5-3 | 9.78 | 38.36 | 48.14 | OK | |
r-release-macos-arm64 | 0.5-3 | 37.00 | OK | |||
r-release-macos-x86_64 | 0.5-3 | 34.00 | OK | |||
r-release-windows-x86_64 | 0.5-3 | 36.00 | 86.00 | 122.00 | OK | |
r-oldrel-macos-arm64 | 0.5-3 | 34.00 | OK | |||
r-oldrel-macos-x86_64 | 0.5-3 | 34.00 | OK | |||
r-oldrel-windows-ix86+x86_64 | 0.5-3 | 24.00 | 73.00 | 97.00 | OK |
Version: 0.5-3
Check: Rd files
Result: NOTE
checkRd: (-1) glass.Rd:23: Escaped LaTeX specials: \_ \_ \_
checkRd: (-1) glass.Rd:24: Escaped LaTeX specials: \_ \_ \_ \_
checkRd: (-1) glass.Rd:25: Escaped LaTeX specials: \_ \_ \_
checkRd: (-1) glass.Rd:26: Escaped LaTeX specials: \_ \_ \_ \_
Flavors: r-devel-linux-x86_64-debian-clang, r-devel-linux-x86_64-debian-gcc, r-devel-linux-x86_64-fedora-clang, r-devel-linux-x86_64-fedora-gcc, r-devel-windows-x86_64, r-patched-linux-x86_64