CRAN Package Check Results for Package mcmcsae

Last updated on 2022-01-24 03:51:36 CET.

Flavor Version Tinstall Tcheck Ttotal Status Flags
r-devel-linux-x86_64-debian-clang 0.7.0 106.37 298.18 404.55 OK
r-devel-linux-x86_64-debian-gcc 0.7.0 76.84 222.27 299.11 OK
r-devel-linux-x86_64-fedora-clang 0.7.0 513.20 NOTE
r-devel-linux-x86_64-fedora-gcc 0.7.0 484.93 OK
r-devel-windows-x86_64-new-UL 0.7.0 186.00 350.00 536.00 OK
r-devel-windows-x86_64-new-TK 0.7.0 OK
r-patched-linux-x86_64 0.7.0 91.91 298.48 390.39 OK
r-release-linux-x86_64 0.7.0 90.83 299.65 390.48 OK
r-release-macos-arm64 0.7.0 NOTE
r-release-macos-x86_64 0.7.0 NOTE
r-release-windows-ix86+x86_64 0.7.0 224.00 498.00 722.00 OK
r-oldrel-macos-x86_64 0.7.0 NOTE
r-oldrel-windows-ix86+x86_64 0.7.0 224.00 502.00 726.00 OK

Check Details

Version: 0.7.0
Check: installed package size
Result: NOTE
     installed size is 13.3Mb
     sub-directories of 1Mb or more:
     libs 11.9Mb
Flavors: r-devel-linux-x86_64-fedora-clang, r-release-macos-arm64, r-release-macos-x86_64, r-oldrel-macos-x86_64