CRAN Package Check Results for Package mclust

Last updated on 2021-12-01 03:55:33 CET.

Flavor Version Tinstall Tcheck Ttotal Status Flags
r-devel-linux-x86_64-debian-clang 5.4.8 38.98 240.83 279.81 OK
r-devel-linux-x86_64-debian-gcc 5.4.8 32.80 177.97 210.77 OK
r-devel-linux-x86_64-fedora-clang 5.4.8 351.92 NOTE
r-devel-linux-x86_64-fedora-gcc 5.4.8 339.55 OK
r-devel-windows-x86_64-new-UL 5.4.8 74.00 360.00 434.00 NOTE
r-devel-windows-x86_64-new-TK 5.4.8 OK
r-devel-windows-x86_64-old 5.4.8 60.00 242.00 302.00 NOTE
r-patched-linux-x86_64 5.4.8 42.03 231.15 273.18 OK
r-patched-solaris-x86 5.4.8 361.90 NOTE
r-release-linux-x86_64 5.4.8 40.38 234.39 274.77 OK
r-release-macos-arm64 5.4.8 NOTE
r-release-macos-x86_64 5.4.8 NOTE
r-release-windows-ix86+x86_64 5.4.8 80.00 340.00 420.00 NOTE
r-oldrel-macos-x86_64 5.4.8 NOTE
r-oldrel-windows-ix86+x86_64 5.4.8 63.00 428.00 491.00 NOTE

Check Details

Version: 5.4.8
Check: installed package size
Result: NOTE
     installed size is 5.7Mb
     sub-directories of 1Mb or more:
     doc 2.9Mb
Flavors: r-devel-linux-x86_64-fedora-clang, r-devel-windows-x86_64-new-UL, r-devel-windows-x86_64-old, r-patched-solaris-x86, r-release-macos-arm64, r-release-macos-x86_64, r-release-windows-ix86+x86_64, r-oldrel-macos-x86_64, r-oldrel-windows-ix86+x86_64