CRAN Package Check Results for Package mclcar

Last updated on 2022-01-25 15:54:23 CET.

Flavor Version Tinstall Tcheck Ttotal Status Flags
r-devel-linux-x86_64-debian-clang 0.2-0 39.34 537.23 576.57 OK
r-devel-linux-x86_64-debian-gcc 0.2-0 36.44 394.54 430.98 OK
r-devel-linux-x86_64-fedora-clang 0.2-0 646.96 OK
r-devel-linux-x86_64-fedora-gcc 0.2-0 671.67 OK
r-devel-windows-x86_64-new-UL 0.2-0 73.00 524.00 597.00 OK
r-devel-windows-x86_64-new-TK 0.2-0 OK
r-patched-linux-x86_64 0.2-0 42.46 484.56 527.02 OK
r-release-linux-x86_64 0.2-0 37.53 481.21 518.74 OK
r-release-macos-arm64 0.2-0 OK
r-release-macos-x86_64 0.2-0 WARN --as-cran
r-release-windows-ix86+x86_64 0.2-0 90.00 540.00 630.00 OK
r-oldrel-macos-x86_64 0.2-0 OK
r-oldrel-windows-ix86+x86_64 0.2-0 92.00 552.00 644.00 OK

Check Details

Version: 0.2-0
Flags: --as-cran
Check: CRAN incoming feasibility
Result: WARN
    Maintainer: ‘Zhe Sha <zhesha1006@gmail.com>’
    
    Insufficient package version (submitted: 0.2.0, existing: 0.2.0)
    
    Days since last update: 1
Flavor: r-release-macos-x86_64

Version: 0.2-0
Flags: --as-cran
Check: sizes of PDF files under ‘inst/doc’
Result: NOTE
    Unable to find GhostScript executable to run checks on size reduction
Flavor: r-release-macos-x86_64