CRAN Package Check Results for Package mcca

Last updated on 2022-01-20 03:55:33 CET.

Flavor Version Tinstall Tcheck Ttotal Status Flags
r-devel-linux-x86_64-debian-clang 0.7.0 NOTE
r-devel-linux-x86_64-debian-gcc 0.7.0 13.63 106.17 119.80 NOTE
r-devel-linux-x86_64-fedora-clang 0.7.0 187.86 NOTE
r-devel-linux-x86_64-fedora-gcc 0.7.0 169.63 NOTE
r-devel-windows-x86_64-new-UL 0.7.0 34.00 159.00 193.00 NOTE
r-devel-windows-x86_64-new-TK 0.7.0 NOTE
r-patched-linux-x86_64 0.7.0 13.89 134.74 148.63 NOTE
r-release-linux-x86_64 0.7.0 NOTE
r-release-macos-arm64 0.7.0 NOTE
r-release-macos-x86_64 0.7.0 NOTE
r-release-windows-ix86+x86_64 0.7.0 37.00 151.00 188.00 NOTE
r-oldrel-macos-x86_64 0.7.0 OK
r-oldrel-windows-ix86+x86_64 0.7.0 37.00 155.00 192.00 OK

Check Details

Version: 0.7.0
Check: LazyData
Result: NOTE
     'LazyData' is specified without a 'data' directory
Flavors: r-devel-linux-x86_64-debian-clang, r-devel-linux-x86_64-debian-gcc, r-devel-linux-x86_64-fedora-clang, r-devel-linux-x86_64-fedora-gcc, r-devel-windows-x86_64-new-UL, r-devel-windows-x86_64-new-TK, r-patched-linux-x86_64, r-release-linux-x86_64, r-release-macos-arm64, r-release-macos-x86_64, r-release-windows-ix86+x86_64