CRAN Package Check Results for Package mcb

Last updated on 2022-01-22 03:56:49 CET.

Flavor Version Tinstall Tcheck Ttotal Status Flags
r-devel-linux-x86_64-debian-clang 0.1.15 10.06 140.51 150.57 OK
r-devel-linux-x86_64-debian-gcc 0.1.15 8.00 102.23 110.23 OK
r-devel-linux-x86_64-fedora-clang 0.1.15 175.11 NOTE
r-devel-linux-x86_64-fedora-gcc 0.1.15 164.01 NOTE
r-devel-windows-x86_64-new-UL 0.1.15 23.00 149.00 172.00 OK
r-devel-windows-x86_64-new-TK 0.1.15 NOTE
r-patched-linux-x86_64 0.1.15 8.79 131.85 140.64 OK
r-release-linux-x86_64 0.1.15 8.41 133.89 142.30 OK
r-release-macos-arm64 0.1.15 NOTE
r-release-macos-x86_64 0.1.15 NOTE
r-release-windows-ix86+x86_64 0.1.15 24.00 150.00 174.00 OK
r-oldrel-macos-x86_64 0.1.15 NOTE
r-oldrel-windows-ix86+x86_64 0.1.15 25.00 156.00 181.00 OK

Check Details

Version: 0.1.15
Check: dependencies in R code
Result: NOTE
    Namespaces in Imports field not imported from:
     ‘MASS’ ‘lars’ ‘methods’ ‘parallel’ ‘smoothmest’
     All declared Imports should be used.
Flavors: r-devel-linux-x86_64-fedora-clang, r-devel-linux-x86_64-fedora-gcc, r-devel-windows-x86_64-new-TK, r-release-macos-arm64, r-release-macos-x86_64, r-oldrel-macos-x86_64

Version: 0.1.15
Check: package dependencies
Result: NOTE
    Package suggested but not available for checking: ‘flare’
Flavor: r-oldrel-macos-x86_64