Last updated on 2023-01-26 15:53:14 CET.
Flavor | Version | Tinstall | Tcheck | Ttotal | Status | Flags |
---|---|---|---|---|---|---|
r-devel-linux-x86_64-debian-clang | 0.0.1 | 11.31 | 110.42 | 121.73 | OK | |
r-devel-linux-x86_64-debian-gcc | 0.0.1 | 9.22 | 82.71 | 91.93 | OK | |
r-devel-linux-x86_64-fedora-clang | 0.0.1 | 149.70 | NOTE | |||
r-devel-linux-x86_64-fedora-gcc | 0.0.1 | 157.80 | NOTE | |||
r-patched-linux-x86_64 | 0.0.1 | 12.06 | 105.77 | 117.83 | OK | |
r-release-linux-x86_64 | 0.0.1 | 12.20 | 106.15 | 118.35 | OK | |
r-release-macos-arm64 | 0.0.1 | 44.00 | NOTE | |||
r-release-macos-x86_64 | 0.0.1 | 59.00 | NOTE | |||
r-release-windows-x86_64 | 0.0.1 | 20.00 | 137.00 | 157.00 | OK | |
r-oldrel-macos-arm64 | 0.0.1 | 48.00 | NOTE | |||
r-oldrel-macos-x86_64 | 0.0.1 | 89.00 | NOTE | |||
r-oldrel-windows-ix86+x86_64 | 0.0.1 | 25.00 | 131.00 | 156.00 | OK |
Version: 0.0.1
Check: dependencies in R code
Result: NOTE
Namespace in Imports field not imported from: ‘MASS’
All declared Imports should be used.
Flavors: r-devel-linux-x86_64-fedora-clang, r-devel-linux-x86_64-fedora-gcc, r-release-macos-arm64, r-release-macos-x86_64, r-oldrel-macos-arm64, r-oldrel-macos-x86_64