CRAN Package Check Results for Package mbbe

Last updated on 2024-06-13 03:49:24 CEST.

Flavor Version Tinstall Tcheck Ttotal Status Flags
r-devel-linux-x86_64-debian-clang 0.1.0 7.27 118.48 125.75 OK
r-devel-linux-x86_64-debian-gcc 0.1.0 0.75 1.85 2.60 ERROR
r-devel-linux-x86_64-fedora-clang 0.1.0 151.19 OK
r-devel-linux-x86_64-fedora-gcc 0.1.0 170.20 OK
r-devel-windows-x86_64 0.1.0 7.00 99.00 106.00 OK
r-patched-linux-x86_64 0.1.0 5.82 113.66 119.48 OK
r-release-linux-x86_64 0.1.0 4.48 110.50 114.98 OK
r-release-macos-arm64 0.1.0 53.00 OK
r-release-macos-x86_64 0.1.0 82.00 OK
r-release-windows-x86_64 0.1.0 9.00 99.00 108.00 OK
r-oldrel-macos-arm64 0.1.0 66.00 OK
r-oldrel-macos-x86_64 0.1.0 117.00 OK
r-oldrel-windows-x86_64 0.1.0 9.00 122.00 131.00 OK

Check Details

Version: 0.1.0
Check: package dependencies
Result: ERROR Packages required but not available: 'dplyr', 'stringr', 'PKNCA', 'furrr', 'ggplot2' Package suggested but not available for checking: ‘testthat’ See section ‘The DESCRIPTION file’ in the ‘Writing R Extensions’ manual. Flavor: r-devel-linux-x86_64-debian-gcc