Last updated on 2022-06-26 03:50:05 CEST.
Flavor | Version | Tinstall | Tcheck | Ttotal | Status | Flags |
---|---|---|---|---|---|---|
r-devel-linux-x86_64-debian-clang | 0.1.7 | 116.60 | 41.39 | 157.99 | NOTE | |
r-devel-linux-x86_64-debian-gcc | 0.1.7 | 106.40 | 31.89 | 138.29 | NOTE | |
r-devel-linux-x86_64-fedora-clang | 0.1.7 | 252.57 | NOTE | |||
r-devel-linux-x86_64-fedora-gcc | 0.1.7 | 230.43 | NOTE | |||
r-devel-windows-x86_64 | 0.1.7 | 128.00 | 92.00 | 220.00 | NOTE | |
r-patched-linux-x86_64 | 0.1.7 | 106.24 | 39.95 | 146.19 | NOTE | |
r-release-linux-x86_64 | 0.1.7 | 109.00 | 40.12 | 149.12 | NOTE | |
r-release-macos-arm64 | 0.1.7 | 66.00 | NOTE | |||
r-release-macos-x86_64 | 0.1.7 | 77.00 | NOTE | |||
r-release-windows-x86_64 | 0.1.7 | 169.00 | 93.00 | 262.00 | NOTE | |
r-oldrel-macos-arm64 | 0.1.7 | 83.00 | NOTE | |||
r-oldrel-macos-x86_64 | 0.1.7 | 76.00 | NOTE | |||
r-oldrel-windows-ix86+x86_64 | 0.1.7 | 292.00 | 96.00 | 388.00 | NOTE |
Version: 0.1.7
Check: for GNU extensions in Makefiles
Result: NOTE
GNU make is a SystemRequirements.
Flavors: r-devel-linux-x86_64-debian-clang, r-devel-linux-x86_64-debian-gcc, r-devel-linux-x86_64-fedora-clang, r-devel-linux-x86_64-fedora-gcc, r-devel-windows-x86_64, r-patched-linux-x86_64, r-release-linux-x86_64, r-release-macos-arm64, r-release-macos-x86_64, r-release-windows-x86_64, r-oldrel-macos-arm64, r-oldrel-macos-x86_64, r-oldrel-windows-ix86+x86_64
Version: 0.1.7
Check: installed package size
Result: NOTE
installed size is 5.9Mb
sub-directories of 1Mb or more:
libs 5.7Mb
Flavors: r-devel-linux-x86_64-fedora-clang, r-release-macos-arm64, r-release-macos-x86_64, r-oldrel-macos-arm64, r-oldrel-macos-x86_64