CRAN Package Check Results for Package matlib

Last updated on 2022-09-30 04:59:13 CEST.

Flavor Version Tinstall Tcheck Ttotal Status Flags
r-devel-linux-x86_64-debian-clang 0.9.5 7.14 82.19 89.33 OK
r-devel-linux-x86_64-debian-gcc 0.9.5 6.55 61.67 68.22 OK
r-devel-linux-x86_64-fedora-clang 0.9.5 122.68 OK
r-devel-linux-x86_64-fedora-gcc 0.9.5 114.61 OK
r-devel-windows-x86_64 0.9.5 35.00 143.00 178.00 OK
r-patched-linux-x86_64 0.9.5 6.61 76.62 83.23 OK
r-release-linux-x86_64 0.9.5 6.56 76.70 83.26 OK
r-release-macos-arm64 0.9.5 43.00 NOTE
r-release-macos-x86_64 0.9.5 63.00 NOTE
r-release-windows-x86_64 0.9.5 40.00 134.00 174.00 OK
r-oldrel-macos-arm64 0.9.5 51.00 NOTE
r-oldrel-macos-x86_64 0.9.5 69.00 NOTE
r-oldrel-windows-ix86+x86_64 0.9.5 17.00 114.00 131.00 OK

Check Details

Version: 0.9.5
Check: package dependencies
Result: NOTE
    Package suggested but not available for checking: ‘webshot2’
Flavors: r-release-macos-arm64, r-release-macos-x86_64, r-oldrel-macos-arm64, r-oldrel-macos-x86_64