Last updated on 2022-05-16 03:53:35 CEST.
Flavor | Version | Tinstall | Tcheck | Ttotal | Status | Flags |
---|---|---|---|---|---|---|
r-devel-linux-x86_64-debian-clang | 0.9.5 | 8.50 | 88.65 | 97.15 | NOTE | |
r-devel-linux-x86_64-debian-gcc | 0.9.5 | 6.22 | 67.31 | 73.53 | NOTE | |
r-devel-linux-x86_64-fedora-clang | 0.9.5 | 117.94 | NOTE | |||
r-devel-linux-x86_64-fedora-gcc | 0.9.5 | 111.76 | NOTE | |||
r-devel-windows-x86_64 | 0.9.5 | 34.00 | 133.00 | 167.00 | NOTE | |
r-patched-linux-x86_64 | 0.9.5 | 8.32 | 87.36 | 95.68 | NOTE | |
r-release-linux-x86_64 | 0.9.5 | 5.90 | 87.13 | 93.03 | NOTE | |
r-release-macos-arm64 | 0.9.5 | 43.00 | NOTE | |||
r-release-macos-x86_64 | 0.9.5 | 63.00 | NOTE | |||
r-release-windows-x86_64 | 0.9.5 | 39.00 | 127.00 | 166.00 | NOTE | |
r-oldrel-macos-arm64 | 0.9.5 | 51.00 | NOTE | |||
r-oldrel-macos-x86_64 | 0.9.5 | 69.00 | NOTE | |||
r-oldrel-windows-ix86+x86_64 | 0.9.5 | 17.00 | 116.00 | 133.00 | NOTE |
Version: 0.9.5
Check: package dependencies
Result: NOTE
Package suggested but not available for checking: 'webshot2'
Flavors: r-devel-linux-x86_64-debian-clang, r-devel-linux-x86_64-debian-gcc, r-devel-linux-x86_64-fedora-clang, r-devel-linux-x86_64-fedora-gcc, r-devel-windows-x86_64, r-patched-linux-x86_64, r-release-linux-x86_64, r-release-macos-arm64, r-release-macos-x86_64, r-release-windows-x86_64, r-oldrel-macos-arm64, r-oldrel-macos-x86_64, r-oldrel-windows-ix86+x86_64