CRAN Package Check Results for Package matchmaker

Last updated on 2024-07-15 03:49:31 CEST.

Flavor Version Tinstall Tcheck Ttotal Status Flags
r-devel-linux-x86_64-debian-clang 0.1.1 3.63 44.09 47.72 NOTE
r-devel-linux-x86_64-debian-gcc 0.1.1 2.76 32.84 35.60 NOTE
r-devel-linux-x86_64-fedora-clang 0.1.1 60.42 NOTE
r-devel-linux-x86_64-fedora-gcc 0.1.1 75.16 NOTE
r-devel-windows-x86_64 0.1.1 5.00 53.00 58.00 NOTE
r-patched-linux-x86_64 0.1.1 3.81 42.15 45.96 NOTE
r-release-linux-x86_64 0.1.1 3.12 41.66 44.78 NOTE
r-release-macos-arm64 0.1.1 29.00 NOTE
r-release-macos-x86_64 0.1.1 44.00 NOTE
r-release-windows-x86_64 0.1.1 4.00 53.00 57.00 NOTE
r-oldrel-macos-arm64 0.1.1 32.00 NOTE
r-oldrel-macos-x86_64 0.1.1 41.00 NOTE
r-oldrel-windows-x86_64 0.1.1 5.00 56.00 61.00 NOTE

Check Details

Version: 0.1.1
Check: LazyData
Result: NOTE 'LazyData' is specified without a 'data' directory Flavors: r-devel-linux-x86_64-debian-clang, r-devel-linux-x86_64-debian-gcc, r-devel-linux-x86_64-fedora-clang, r-devel-linux-x86_64-fedora-gcc, r-devel-windows-x86_64, r-patched-linux-x86_64, r-release-linux-x86_64, r-release-macos-arm64, r-release-macos-x86_64, r-release-windows-x86_64, r-oldrel-macos-arm64, r-oldrel-macos-x86_64, r-oldrel-windows-x86_64