Last updated on 2023-01-29 03:55:18 CET.
Flavor | Version | Tinstall | Tcheck | Ttotal | Status | Flags |
---|---|---|---|---|---|---|
r-devel-linux-x86_64-debian-clang | 1.3.3 | 72.04 | 42.29 | 114.33 | OK | |
r-devel-linux-x86_64-debian-gcc | 1.3.3 | 54.09 | 32.97 | 87.06 | NOTE | |
r-devel-linux-x86_64-fedora-clang | 1.3.3 | 172.50 | OK | |||
r-devel-linux-x86_64-fedora-gcc | 1.3.3 | 163.26 | NOTE | |||
r-patched-linux-x86_64 | 1.3.3 | 60.10 | 40.98 | 101.08 | OK | |
r-release-linux-x86_64 | 1.3.3 | 53.13 | 41.45 | 94.58 | OK | |
r-release-macos-arm64 | 1.3.3 | 39.00 | OK | |||
r-release-macos-x86_64 | 1.3.3 | 54.00 | OK | |||
r-release-windows-x86_64 | 1.3.3 | 82.00 | 99.00 | 181.00 | OK | |
r-oldrel-macos-arm64 | 1.3.3 | 43.00 | OK | |||
r-oldrel-macos-x86_64 | 1.3.3 | 79.00 | OK | |||
r-oldrel-windows-ix86+x86_64 | 1.3.3 | 180.00 | 107.00 | 287.00 | OK |
Version: 1.3.3
Check: C++ specification
Result: NOTE
Specified C++11: please update to current default of C++17
Flavors: r-devel-linux-x86_64-debian-gcc, r-devel-linux-x86_64-fedora-gcc