CRAN Package Check Results for Package matchingMarkets

Last updated on 2021-10-26 02:56:35 CEST.

Flavor Version Tinstall Tcheck Ttotal Status Flags
r-devel-linux-x86_64-debian-clang 1.0-2 200.96 148.98 349.94 OK
r-devel-linux-x86_64-debian-gcc 1.0-2 155.82 112.37 268.19 OK
r-devel-linux-x86_64-fedora-clang 1.0-2 543.33 NOTE
r-devel-linux-x86_64-fedora-gcc 1.0-2 472.47 OK
r-devel-windows-x86_64 1.0-2 257.00 209.00 466.00 NOTE
r-devel-windows-x86_64-gcc10-UCRT 1.0-2 OK
r-patched-linux-x86_64 1.0-2 183.78 144.45 328.23 OK
r-patched-solaris-x86 1.0-2 445.60 NOTE
r-release-linux-x86_64 1.0-2 178.04 141.98 320.02 OK
r-release-macos-arm64 1.0-2 NOTE
r-release-macos-x86_64 1.0-2 NOTE
r-release-windows-ix86+x86_64 1.0-2 359.00 226.00 585.00 NOTE
r-oldrel-macos-x86_64 1.0-2 NOTE
r-oldrel-windows-ix86+x86_64 1.0-2 508.00 232.00 740.00 NOTE

Check Details

Version: 1.0-2
Check: installed package size
Result: NOTE
     installed size is 13.9Mb
     sub-directories of 1Mb or more:
     java 3.3Mb
     libs 9.3Mb
Flavors: r-devel-linux-x86_64-fedora-clang, r-devel-windows-x86_64, r-patched-solaris-x86, r-release-macos-arm64, r-release-macos-x86_64, r-release-windows-ix86+x86_64, r-oldrel-macos-x86_64, r-oldrel-windows-ix86+x86_64