Last updated on 2023-01-28 03:55:56 CET.
Flavor | Version | Tinstall | Tcheck | Ttotal | Status | Flags |
---|---|---|---|---|---|---|
r-devel-linux-x86_64-debian-clang | 0.1.1 | 63.14 | 105.68 | 168.82 | OK | |
r-devel-linux-x86_64-debian-gcc | 0.1.1 | 54.39 | 75.87 | 130.26 | NOTE | |
r-devel-linux-x86_64-fedora-clang | 0.1.1 | 217.73 | OK | |||
r-devel-linux-x86_64-fedora-gcc | 0.1.1 | 222.14 | NOTE | |||
r-patched-linux-x86_64 | 0.1.1 | 56.02 | 93.10 | 149.12 | OK | |
r-release-linux-x86_64 | 0.1.1 | 53.15 | 94.37 | 147.52 | OK | |
r-release-macos-arm64 | 0.1.1 | 64.00 | NOTE | |||
r-release-macos-x86_64 | 0.1.1 | 87.00 | NOTE | |||
r-release-windows-x86_64 | 0.1.1 | 56.00 | 159.00 | 215.00 | NOTE | |
r-oldrel-macos-arm64 | 0.1.1 | 77.00 | NOTE | |||
r-oldrel-macos-x86_64 | 0.1.1 | 98.00 | NOTE | |||
r-oldrel-windows-ix86+x86_64 | 0.1.1 | 141.00 | 169.00 | 310.00 | NOTE |
Version: 0.1.1
Check: C++ specification
Result: NOTE
Specified C++11: please update to current default of C++17
Flavors: r-devel-linux-x86_64-debian-gcc, r-devel-linux-x86_64-fedora-gcc
Version: 0.1.1
Check: installed package size
Result: NOTE
installed size is 15.3Mb
sub-directories of 1Mb or more:
examples 2.7Mb
libs 11.3Mb
Flavors: r-release-macos-arm64, r-release-macos-x86_64, r-release-windows-x86_64, r-oldrel-macos-arm64, r-oldrel-macos-x86_64, r-oldrel-windows-ix86+x86_64