CRAN Package Check Results for Package marginaleffects

Last updated on 2022-10-03 15:54:02 CEST.

Flavor Version Tinstall Tcheck Ttotal Status Flags
r-devel-linux-x86_64-debian-clang 0.7.1 9.54 110.49 120.03 OK
r-devel-linux-x86_64-debian-gcc 0.7.1 7.07 77.68 84.75 OK
r-devel-linux-x86_64-fedora-clang 0.7.1 153.47 NOTE
r-devel-linux-x86_64-fedora-gcc 0.7.1 140.75 OK
r-devel-windows-x86_64 0.7.1 452.00 143.00 595.00 OK
r-patched-linux-x86_64 0.7.1 9.91 96.71 106.62 OK
r-release-linux-x86_64 0.7.1 10.26 96.11 106.37 OK
r-release-macos-arm64 0.7.1 37.00 OK
r-release-macos-x86_64 0.7.1 54.00 OK
r-release-windows-x86_64 0.7.1 380.00 135.00 515.00 OK
r-oldrel-macos-arm64 0.7.1 45.00 OK
r-oldrel-macos-x86_64 0.7.1 56.00 OK
r-oldrel-windows-ix86+x86_64 0.7.1 21.00 129.00 150.00 OK

Check Details

Version: 0.7.1
Check: Rd cross-references
Result: NOTE
    Undeclared package ‘car’ in Rd xrefs
Flavor: r-devel-linux-x86_64-fedora-clang