CRAN Package Check Results for Package maps

Last updated on 2021-12-04 03:52:32 CET.

Flavor Version Tinstall Tcheck Ttotal Status Flags
r-devel-linux-x86_64-debian-clang 3.4.0 8.95 36.89 45.84 OK
r-devel-linux-x86_64-debian-gcc 3.4.0 6.49 29.81 36.30 OK
r-devel-linux-x86_64-fedora-clang 3.4.0 67.18 NOTE
r-devel-linux-x86_64-fedora-gcc 3.4.0 55.83 OK
r-devel-windows-x86_64-new-UL 3.4.0 33.00 77.00 110.00 OK
r-devel-windows-x86_64-new-TK 3.4.0 OK
r-devel-windows-x86_64-old 3.4.0 21.00 44.00 65.00 OK
r-patched-linux-x86_64 3.4.0 7.45 35.88 43.33 OK
r-release-linux-x86_64 3.4.0 7.17 35.91 43.08 OK
r-release-macos-arm64 3.4.0 OK
r-release-macos-x86_64 3.4.0 OK
r-release-windows-ix86+x86_64 3.4.0 35.00 74.00 109.00 OK
r-oldrel-macos-x86_64 3.4.0 OK
r-oldrel-windows-ix86+x86_64 3.4.0 52.00 69.00 121.00 OK

Check Details

Version: 3.4.0
Check: Rd cross-references
Result: NOTE
    Undeclared package ‘rgdal’ in Rd xrefs
Flavor: r-devel-linux-x86_64-fedora-clang