CRAN Package Check Results for Package mapr

Last updated on 2022-01-25 04:00:07 CET.

Flavor Version Tinstall Tcheck Ttotal Status Flags
r-devel-linux-x86_64-debian-clang 0.5.2 6.41 72.57 78.98 NOTE
r-devel-linux-x86_64-debian-gcc 0.5.2 5.81 56.70 62.51 NOTE
r-devel-linux-x86_64-fedora-clang 0.5.2 96.05 NOTE
r-devel-linux-x86_64-fedora-gcc 0.5.2 84.43 NOTE
r-devel-windows-x86_64-new-UL 0.5.2 38.00 89.00 127.00 NOTE
r-devel-windows-x86_64-new-TK 0.5.2 NOTE
r-patched-linux-x86_64 0.5.2 6.18 67.97 74.15 NOTE
r-release-linux-x86_64 0.5.2 5.99 66.94 72.93 NOTE
r-release-macos-arm64 0.5.2 OK
r-release-macos-x86_64 0.5.2 OK
r-release-windows-ix86+x86_64 0.5.2 17.00 85.00 102.00 OK
r-oldrel-macos-x86_64 0.5.2 OK
r-oldrel-windows-ix86+x86_64 0.5.2 17.00 83.00 100.00 OK

Check Details

Version: 0.5.2
Check: package dependencies
Result: NOTE
    Package suggested but not available for checking: 'scrubr'
Flavors: r-devel-linux-x86_64-debian-clang, r-devel-linux-x86_64-debian-gcc, r-devel-linux-x86_64-fedora-clang, r-devel-linux-x86_64-fedora-gcc, r-devel-windows-x86_64-new-UL, r-devel-windows-x86_64-new-TK, r-patched-linux-x86_64, r-release-linux-x86_64