CRAN Package Check Results for Package mapme.biodiversity

Last updated on 2022-09-25 03:54:34 CEST.

Flavor Version Tinstall Tcheck Ttotal Status Flags
r-devel-linux-x86_64-debian-clang 0.2.1 32.41 340.37 372.78 OK
r-devel-linux-x86_64-debian-gcc 0.2.1 28.89 243.46 272.35 OK
r-devel-linux-x86_64-fedora-clang 0.2.1 425.34 OK
r-devel-linux-x86_64-fedora-gcc 0.2.1 420.26 OK
r-devel-windows-x86_64 0.2.1 42.00 416.00 458.00 OK
r-patched-linux-x86_64 0.2.1 30.66 321.30 351.96 OK
r-release-linux-x86_64 0.2.1 30.78 323.10 353.88 OK
r-release-macos-arm64 0.2.1 121.00 OK
r-release-macos-x86_64 0.2.1 150.00 OK
r-release-windows-x86_64 0.2.1 767.00 428.00 1195.00 OK
r-oldrel-macos-arm64 0.2.1 116.00 OK
r-oldrel-macos-x86_64 0.2.1 177.00 OK
r-oldrel-windows-ix86+x86_64 0.2.1 66.00 0.00 66.00 FAIL

Check Details

Version: 0.2.1
Check: tests
Result: FAIL
    Check process probably crashed or hung up for 20 minutes ... killed
    Most likely this happened in the example checks (?),
    if not, ignore the following last lines of example output:
    + init_portfolio(
    + years = 2000:2020,
    + outdir = file.path(temp_loc, "res"),
    + tmpdir = tempdir(),
    + add_resources = FALSE,
    + cores = 1,
    + verbose = FALSE
    + ) %>%
    + get_resources("nasa_srtm") %>%
    + calc_indicators("tri", stats_tri = c("mean", "median", "sd", "var"), engine = "extract") %>%
    + tidyr::unnest(tri)))
    + }
    >
    >
    >
    > ### * <FOOTER>
    > ###
    > cleanEx()
    > options(digits = 7L)
    > base::cat("Time elapsed: ", proc.time() - base::get("ptime", pos = 'CheckExEnv'),"\n")
    Time elapsed: 25.38 1.34 30.19 NA NA
    > grDevices::dev.off()
    null device
     1
    > ###
    > ### Local variables: ***
    > ### mode: outline-minor ***
    > ### outline-regexp: "\\(> \\)?### [*]+" ***
    > ### End: ***
    > quit('no')
    ======== End of example output (where/before crash/hang up occured ?) ========
Flavor: r-oldrel-windows-ix86+x86_64