CRAN Package Check Results for Package manipulateWidget

Last updated on 2022-01-26 03:54:26 CET.

Flavor Version Tinstall Tcheck Ttotal Status Flags
r-devel-linux-x86_64-debian-clang 0.11.1 5.74 73.73 79.47 OK
r-devel-linux-x86_64-debian-gcc 0.11.1 5.29 56.05 61.34 OK
r-devel-linux-x86_64-fedora-clang 0.11.1 97.28 NOTE
r-devel-linux-x86_64-fedora-gcc 0.11.1 97.10 NOTE
r-devel-windows-x86_64-new-UL 0.11.1 182.00 111.00 293.00 OK
r-devel-windows-x86_64-new-TK 0.11.1 NOTE
r-patched-linux-x86_64 0.11.1 7.13 68.93 76.06 OK
r-release-linux-x86_64 0.11.1 6.21 67.64 73.85 OK
r-release-macos-arm64 0.11.1 NOTE
r-release-macos-x86_64 0.11.1 NOTE
r-release-windows-ix86+x86_64 0.11.1 17.00 94.00 111.00 OK
r-oldrel-macos-x86_64 0.11.1 NOTE
r-oldrel-windows-ix86+x86_64 0.11.1 16.00 91.00 107.00 OK

Check Details

Version: 0.11.1
Check: data for non-ASCII characters
Result: NOTE
     Note: found 55 marked UTF-8 strings
Flavors: r-devel-linux-x86_64-fedora-clang, r-devel-linux-x86_64-fedora-gcc, r-devel-windows-x86_64-new-TK, r-release-macos-arm64, r-release-macos-x86_64, r-oldrel-macos-x86_64