CRAN Package Check Results for Package malan

Last updated on 2022-01-24 03:51:36 CET.

Flavor Version Tinstall Tcheck Ttotal Status Flags
r-devel-linux-x86_64-debian-clang 1.0.2 308.51 102.56 411.07 OK
r-devel-linux-x86_64-debian-gcc 1.0.2 223.46 77.12 300.58 OK
r-devel-linux-x86_64-fedora-clang 1.0.2 626.08 NOTE
r-devel-linux-x86_64-fedora-gcc 1.0.2 546.57 OK
r-devel-windows-x86_64-new-UL 1.0.2 291.00 168.00 459.00 OK
r-devel-windows-x86_64-new-TK 1.0.2 OK
r-patched-linux-x86_64 1.0.2 284.51 97.80 382.31 OK
r-release-linux-x86_64 1.0.2 267.56 98.69 366.25 OK
r-release-macos-arm64 1.0.2 NOTE
r-release-macos-x86_64 1.0.2 NOTE
r-release-windows-ix86+x86_64 1.0.2 765.00 170.00 935.00 OK
r-oldrel-macos-x86_64 1.0.2 NOTE
r-oldrel-windows-ix86+x86_64 1.0.2 759.00 175.00 934.00 OK

Check Details

Version: 1.0.2
Check: installed package size
Result: NOTE
     installed size is 10.5Mb
     sub-directories of 1Mb or more:
     libs 9.5Mb
Flavors: r-devel-linux-x86_64-fedora-clang, r-release-macos-arm64, r-release-macos-x86_64, r-oldrel-macos-x86_64