CRAN Package Check Results for Package mailtoR

Last updated on 2024-07-20 03:49:06 CEST.

Flavor Version Tinstall Tcheck Ttotal Status Flags
r-devel-linux-x86_64-debian-clang 0.1.0 2.29 19.80 22.09 NOTE
r-devel-linux-x86_64-debian-gcc 0.1.0 1.68 15.53 17.21 NOTE
r-devel-linux-x86_64-fedora-clang 0.1.0 28.08 NOTE
r-devel-linux-x86_64-fedora-gcc 0.1.0 26.68 NOTE
r-devel-windows-x86_64 0.1.0 4.00 39.00 43.00 NOTE
r-patched-linux-x86_64 0.1.0 2.09 19.25 21.34 NOTE
r-release-linux-x86_64 0.1.0 2.08 19.74 21.82 NOTE
r-release-macos-arm64 0.1.0 15.00 NOTE
r-release-macos-x86_64 0.1.0 21.00 NOTE
r-release-windows-x86_64 0.1.0 3.00 38.00 41.00 NOTE
r-oldrel-macos-arm64 0.1.0 15.00 NOTE
r-oldrel-macos-x86_64 0.1.0 19.00 NOTE
r-oldrel-windows-x86_64 0.1.0 3.00 37.00 40.00 NOTE

Check Details

Version: 0.1.0
Check: LazyData
Result: NOTE 'LazyData' is specified without a 'data' directory Flavors: r-devel-linux-x86_64-debian-clang, r-devel-linux-x86_64-debian-gcc, r-devel-linux-x86_64-fedora-clang, r-devel-linux-x86_64-fedora-gcc, r-devel-windows-x86_64, r-patched-linux-x86_64, r-release-linux-x86_64, r-release-macos-arm64, r-release-macos-x86_64, r-release-windows-x86_64, r-oldrel-macos-arm64, r-oldrel-macos-x86_64, r-oldrel-windows-x86_64