CRAN Package Check Results for Package mailmerge

Last updated on 2021-12-06 03:53:03 CET.

Flavor Version Tinstall Tcheck Ttotal Status Flags
r-devel-linux-x86_64-debian-clang 0.2.3 6.18 71.35 77.53 OK
r-devel-linux-x86_64-debian-gcc 0.2.3 5.02 54.60 59.62 OK
r-devel-linux-x86_64-fedora-clang 0.2.3 94.08 NOTE
r-devel-linux-x86_64-fedora-gcc 0.2.3 86.31 NOTE
r-devel-windows-x86_64-new-UL 0.2.3 16.00 117.00 133.00 OK
r-devel-windows-x86_64-new-TK 0.2.3 NOTE
r-devel-windows-x86_64-old 0.2.3 13.00 74.00 87.00 OK
r-patched-linux-x86_64 0.2.3 6.20 57.46 63.66 OK
r-release-linux-x86_64 0.2.3 5.71 65.83 71.54 OK
r-release-macos-arm64 0.2.3 NOTE
r-release-macos-x86_64 0.2.3 NOTE
r-release-windows-ix86+x86_64 0.2.3 17.00 94.00 111.00 OK
r-oldrel-macos-x86_64 0.2.3 NOTE
r-oldrel-windows-ix86+x86_64 0.2.3 17.00 91.00 108.00 OK

Check Details

Version: 0.2.3
Check: dependencies in R code
Result: NOTE
    Namespaces in Imports field not imported from:
     ‘dplyr’ ‘googlesheets4’ ‘lifecycle’ ‘withr’
     All declared Imports should be used.
Flavors: r-devel-linux-x86_64-fedora-clang, r-devel-linux-x86_64-fedora-gcc, r-devel-windows-x86_64-new-TK, r-release-macos-arm64, r-release-macos-x86_64, r-oldrel-macos-x86_64