CRAN Package Check Results for Package magick

Last updated on 2021-12-03 15:52:23 CET.

Flavor Version Tinstall Tcheck Ttotal Status Flags
r-devel-linux-x86_64-debian-clang 2.7.3 137.20 238.36 375.56 OK
r-devel-linux-x86_64-debian-gcc 2.7.3 97.98 175.44 273.42 OK
r-devel-linux-x86_64-fedora-clang 2.7.3 543.89 NOTE
r-devel-linux-x86_64-fedora-gcc 2.7.3 439.67 OK
r-devel-windows-x86_64-new-UL 2.7.3 217.00 458.00 675.00 NOTE
r-devel-windows-x86_64-new-TK 2.7.3 OK
r-devel-windows-x86_64-old 2.7.3 206.00 221.00 427.00 NOTE
r-patched-linux-x86_64 2.7.3 123.08 187.45 310.53 OK
r-release-linux-x86_64 2.7.3 121.04 188.82 309.86 OK
r-release-macos-arm64 2.7.3 NOTE
r-release-macos-x86_64 2.7.3 NOTE
r-release-windows-ix86+x86_64 2.7.3 400.00 438.00 838.00 NOTE
r-oldrel-macos-x86_64 2.7.3 NOTE
r-oldrel-windows-ix86+x86_64 2.7.3 345.00 435.00 780.00 NOTE

Additional issues

valgrind

Check Details

Version: 2.7.3
Check: installed package size
Result: NOTE
     installed size is 12.9Mb
     sub-directories of 1Mb or more:
     doc 6.6Mb
     libs 5.9Mb
Flavors: r-devel-linux-x86_64-fedora-clang, r-devel-windows-x86_64-new-UL, r-devel-windows-x86_64-old, r-release-macos-arm64, r-release-macos-x86_64, r-release-windows-ix86+x86_64, r-oldrel-macos-x86_64, r-oldrel-windows-ix86+x86_64