CRAN Package Check Results for Package luz

Last updated on 2021-10-25 04:00:17 CEST.

Flavor Version Tinstall Tcheck Ttotal Status Flags
r-devel-linux-x86_64-debian-clang 0.2.0 10.15 41.31 51.46 OK
r-devel-linux-x86_64-debian-gcc 0.2.0 7.69 32.89 40.58 OK
r-devel-linux-x86_64-fedora-clang 0.2.0 75.16 NOTE
r-devel-linux-x86_64-fedora-gcc 0.2.0 63.38 NOTE
r-devel-windows-x86_64 0.2.0 17.00 71.00 88.00 OK
r-devel-windows-x86_64-gcc10-UCRT 0.2.0 NOTE
r-patched-linux-x86_64 0.2.0 16.27 41.48 57.75 OK
r-patched-solaris-x86 0.2.0 92.00 NOTE
r-release-linux-x86_64 0.2.0 9.32 41.10 50.42 OK
r-release-macos-arm64 0.1.0 NOTE
r-release-macos-x86_64 0.2.0 NOTE
r-release-windows-ix86+x86_64 0.2.0 12.00 141.00 153.00 OK
r-oldrel-macos-x86_64 0.2.0 NOTE
r-oldrel-windows-ix86+x86_64 0.2.0 14.00 50.00 64.00 OK

Check Details

Version: 0.2.0
Check: dependencies in R code
Result: NOTE
    Namespaces in Imports field not imported from:
     ‘fs’ ‘progress’
     All declared Imports should be used.
Flavors: r-devel-linux-x86_64-fedora-clang, r-devel-linux-x86_64-fedora-gcc, r-devel-windows-x86_64-gcc10-UCRT, r-patched-solaris-x86, r-release-macos-x86_64, r-oldrel-macos-x86_64

Version: 0.1.0
Check: dependencies in R code
Result: NOTE
    Namespaces in Imports field not imported from:
     ‘fs’ ‘progress’
     All declared Imports should be used.
Flavor: r-release-macos-arm64