CRAN Package Check Results for Package ludic

Last updated on 2024-07-12 03:55:38 CEST.

Flavor Version Tinstall Tcheck Ttotal Status Flags
r-devel-linux-x86_64-debian-clang 0.2.0 108.61 139.65 248.26 NOTE
r-devel-linux-x86_64-debian-gcc 0.2.0 74.09 102.22 176.31 NOTE
r-devel-linux-x86_64-fedora-clang 0.2.0 338.59 NOTE
r-devel-linux-x86_64-fedora-gcc 0.2.0 322.47 NOTE
r-devel-windows-x86_64 0.2.0 81.00 132.00 213.00 NOTE
r-patched-linux-x86_64 0.2.0 89.09 133.07 222.16 NOTE
r-release-linux-x86_64 0.2.0 89.12 131.45 220.57 NOTE
r-release-macos-arm64 0.2.0 69.00 NOTE
r-release-macos-x86_64 0.2.0 99.00 NOTE
r-release-windows-x86_64 0.2.0 82.00 143.00 225.00 NOTE
r-oldrel-macos-arm64 0.2.0 83.00 NOTE
r-oldrel-macos-x86_64 0.2.0 155.00 NOTE
r-oldrel-windows-x86_64 0.2.0 98.00 159.00 257.00 NOTE

Check Details

Version: 0.2.0
Check: C++ specification
Result: NOTE Specified C++11: please drop specification unless essential Flavors: r-devel-linux-x86_64-debian-clang, r-devel-linux-x86_64-debian-gcc, r-devel-linux-x86_64-fedora-clang, r-devel-linux-x86_64-fedora-gcc, r-devel-windows-x86_64, r-patched-linux-x86_64, r-release-linux-x86_64, r-release-macos-arm64, r-release-macos-x86_64, r-release-windows-x86_64, r-oldrel-macos-arm64, r-oldrel-macos-x86_64, r-oldrel-windows-x86_64

Version: 0.2.0
Check: installed package size
Result: NOTE installed size is 6.0Mb sub-directories of 1Mb or more: data 2.1Mb libs 3.7Mb Flavors: r-release-macos-arm64, r-release-macos-x86_64, r-oldrel-macos-arm64, r-oldrel-macos-x86_64