CRAN Package Check Results for Package ltmle

Last updated on 2022-01-27 04:05:27 CET.

Flavor Version Tinstall Tcheck Ttotal Status Flags
r-devel-linux-x86_64-debian-clang 1.2-0 6.67 621.34 628.01 OK
r-devel-linux-x86_64-debian-gcc 1.2-0 4.40 449.33 453.73 OK
r-devel-linux-x86_64-fedora-clang 1.2-0 747.83 OK
r-devel-linux-x86_64-fedora-gcc 1.2-0 716.04 OK
r-devel-windows-x86_64-new-UL 1.2-0 47.00 823.00 870.00 OK
r-devel-windows-x86_64-new-TK 1.2-0 WARN
r-patched-linux-x86_64 1.2-0 5.68 570.83 576.51 OK
r-release-linux-x86_64 1.2-0 6.05 588.96 595.01 OK
r-release-macos-arm64 1.2-0 OK
r-release-macos-x86_64 1.2-0 OK
r-release-windows-ix86+x86_64 1.2-0 11.00 797.00 808.00 OK
r-oldrel-macos-x86_64 1.2-0 OK
r-oldrel-windows-ix86+x86_64 1.2-0 11.00 763.00 774.00 OK

Check Details

Version: 1.2-0
Check: package dependencies
Result: NOTE
    Package suggested but not available for checking: 'arm'
Flavor: r-devel-windows-x86_64-new-TK

Version: 1.2-0
Check: re-building of vignette outputs
Result: WARN
    Error(s) in re-building vignettes:
    --- re-building 'DeterministicFunctions.Rmd' using rmarkdown
    --- finished re-building 'DeterministicFunctions.Rmd'
    
    --- re-building 'Overview.Rmd' using rmarkdown
    --- finished re-building 'Overview.Rmd'
    
    --- re-building 'ltmle-MSM.Rmd' using rmarkdown
    --- finished re-building 'ltmle-MSM.Rmd'
    
    --- re-building 'ltmle-intro.Rmd' using rmarkdown
    Failed with error: 'there is no package called 'arm''
    Failed with error: 'there is no package called 'arm''
    Quitting from lines 77-78 (ltmle-intro.Rmd)
    Error: processing vignette 'ltmle-intro.Rmd' failed with diagnostics:
    
    
    Error occured during call to SuperLearner:
     A ~ W1 + W2 + W3
     The error reported is:
     Error : You have selected bayesglm as a library algorithm but either do not have the arm package installed or it can not be loaded
    
    --- failed re-building 'ltmle-intro.Rmd'
    
    SUMMARY: processing the following file failed:
     'ltmle-intro.Rmd'
    
    Error: Vignette re-building failed.
    Execution halted
Flavor: r-devel-windows-x86_64-new-TK