CRAN Package Check Results for Package lpme

Last updated on 2022-01-25 15:54:22 CET.

Flavor Version Tinstall Tcheck Ttotal Status Flags
r-devel-linux-x86_64-debian-clang 1.1.2 139.62 53.83 193.45 OK
r-devel-linux-x86_64-debian-gcc 1.1.2 111.29 40.82 152.11 OK
r-devel-linux-x86_64-fedora-clang 1.1.2 302.01 NOTE
r-devel-linux-x86_64-fedora-gcc 1.1.2 267.04 OK
r-devel-windows-x86_64-new-UL 1.1.2 119.00 94.00 213.00 OK
r-devel-windows-x86_64-new-TK 1.1.2 OK
r-patched-linux-x86_64 1.1.2 127.98 51.13 179.11 OK
r-release-linux-x86_64 1.1.2 122.16 50.61 172.77 OK
r-release-macos-arm64 1.1.2 NOTE
r-release-macos-x86_64 1.1.2 NOTE
r-release-windows-ix86+x86_64 1.1.2 349.00 106.00 455.00 OK
r-oldrel-macos-x86_64 1.1.2 NOTE
r-oldrel-windows-ix86+x86_64 1.1.2 351.00 108.00 459.00 OK

Check Details

Version: 1.1.2
Check: installed package size
Result: NOTE
     installed size is 6.4Mb
     sub-directories of 1Mb or more:
     libs 6.2Mb
Flavors: r-devel-linux-x86_64-fedora-clang, r-release-macos-arm64, r-release-macos-x86_64, r-oldrel-macos-x86_64