CRAN Package Check Results for Package lpirfs

Last updated on 2024-07-18 15:49:04 CEST.

Flavor Version Tinstall Tcheck Ttotal Status Flags
r-devel-linux-x86_64-debian-clang 0.2.3 151.63 212.69 364.32 NOTE
r-devel-linux-x86_64-debian-gcc 0.2.3 86.92 154.70 241.62 NOTE
r-devel-linux-x86_64-fedora-clang 0.2.3 507.26 NOTE
r-devel-linux-x86_64-fedora-gcc 0.2.3 533.12 NOTE
r-devel-windows-x86_64 0.2.3 114.00 275.00 389.00 NOTE
r-patched-linux-x86_64 0.2.3 131.78 189.33 321.11 NOTE
r-release-linux-x86_64 0.2.3 120.21 191.91 312.12 NOTE
r-release-macos-arm64 0.2.3 149.00 NOTE
r-release-macos-x86_64 0.2.3 215.00 NOTE
r-release-windows-x86_64 0.2.3 116.00 274.00 390.00 NOTE
r-oldrel-macos-arm64 0.2.3 145.00 NOTE
r-oldrel-macos-x86_64 0.2.3 315.00 NOTE
r-oldrel-windows-x86_64 0.2.3 140.00 345.00 485.00 OK

Check Details

Version: 0.2.3
Check: Rd files
Result: NOTE checkRd: (-1) lp_nl.Rd:70: Lost braces; missing escapes or markup? 70 | Regime 1 = (1-\eqn{F(z_{t-1})})*y_{(t-p)}, \cr | ^ checkRd: (-1) lp_nl.Rd:71: Lost braces; missing escapes or markup? 71 | Regime 2 = \eqn{F(z_{t-1})}*y_{(t-p)}.} | ^ checkRd: (-1) lp_nl.Rd:128: Lost braces; missing escapes or markup? 128 | \item{fz}{A vector containing the values of the transition function F(z_{t-1}).} | ^ checkRd: (-1) lp_nl_iv.Rd:84: Lost braces; missing escapes or markup? 84 | Regime 1 = (1-\eqn{F(z_{t-1})})*y_{(t-p)}, \cr | ^ checkRd: (-1) lp_nl_iv.Rd:85: Lost braces; missing escapes or markup? 85 | Regime 2 = \eqn{F(z_{t-1})}*y_{(t-p)}.} | ^ checkRd: (-1) lp_nl_iv.Rd:129: Lost braces; missing escapes or markup? 129 | \item{fz}{A vector, containing the values of the transition function F(z_{t-1}).} | ^ checkRd: (-1) lp_nl_panel.Rd:103: Lost braces; missing escapes or markup? 103 | Regime 1 = (1-\eqn{F(z_{t-1})})*y_{(t-p)}, \cr | ^ checkRd: (-1) lp_nl_panel.Rd:104: Lost braces; missing escapes or markup? 104 | Regime 2 = \eqn{F(z_{t-1})}*y_{(t-p)}. | ^ Flavors: r-devel-linux-x86_64-debian-clang, r-devel-linux-x86_64-debian-gcc, r-devel-linux-x86_64-fedora-clang, r-devel-linux-x86_64-fedora-gcc, r-devel-windows-x86_64, r-patched-linux-x86_64, r-release-linux-x86_64, r-release-macos-arm64, r-release-macos-x86_64, r-release-windows-x86_64

Version: 0.2.3
Check: Rd cross-references
Result: NOTE Found the following Rd file(s) with Rd \link{} targets missing package anchors: ag_data.Rd: tibble interest_rules_var_data.Rd: tibble monetary_var_data.Rd: tibble Please provide package anchors for all Rd \link{} targets not in the package itself and the base packages. Flavor: r-devel-windows-x86_64

Version: 0.2.3
Check: installed package size
Result: NOTE installed size is 5.1Mb sub-directories of 1Mb or more: libs 3.6Mb Flavors: r-release-macos-arm64, r-release-macos-x86_64, r-oldrel-macos-arm64, r-oldrel-macos-x86_64