CRAN Package Check Results for Package lpSolve

Last updated on 2022-09-30 04:59:13 CEST.

Flavor Version Tinstall Tcheck Ttotal Status Flags
r-devel-linux-x86_64-debian-clang 5.6.16 35.19 23.56 58.75 OK
r-devel-linux-x86_64-debian-gcc 5.6.16 26.17 18.60 44.77 OK
r-devel-linux-x86_64-fedora-clang 5.6.16 82.59 WARN
r-devel-linux-x86_64-fedora-gcc 5.6.16 88.49 OK
r-devel-windows-x86_64 5.6.16 67.00 62.00 129.00 OK
r-patched-linux-x86_64 5.6.16 30.00 23.33 53.33 OK
r-release-linux-x86_64 5.6.16 31.71 22.98 54.69 OK
r-release-macos-arm64 5.6.16 28.00 OK
r-release-macos-x86_64 5.6.16 48.00 OK
r-release-windows-x86_64 5.6.16 77.00 55.00 132.00 OK
r-oldrel-macos-arm64 5.6.16 28.00 OK
r-oldrel-macos-x86_64 5.6.16 49.00 OK
r-oldrel-windows-ix86+x86_64 5.6.16 163.00 56.00 219.00 OK

Additional issues

clang15 clang15

Check Details

Version: 5.6.16
Check: whether package can be installed
Result: WARN
    Found the following significant warnings:
     lp_matrix.c:2913:59: warning: invalid UTF-8 in comment [-Winvalid-utf8]
     ./lp_rlp.h:1401:12: warning: 'static' function 'input' declared in header file should be declared 'static inline' [-Wunneeded-internal-declaration]
Flavor: r-devel-linux-x86_64-fedora-clang