Last updated on 2023-06-07 04:04:03 CEST.
Flavor | Version | Tinstall | Tcheck | Ttotal | Status | Flags |
---|---|---|---|---|---|---|
r-devel-linux-x86_64-debian-clang | 1.0-5 | 3.72 | 50.07 | 53.79 | NOTE | |
r-devel-linux-x86_64-debian-gcc | 1.0-5 | 2.55 | 39.85 | 42.40 | NOTE | |
r-devel-linux-x86_64-fedora-clang | 1.0-5 | 68.40 | NOTE | |||
r-devel-linux-x86_64-fedora-gcc | 1.0-5 | 77.96 | NOTE | |||
r-devel-windows-x86_64 | 1.0-5 | 7.00 | 86.00 | 93.00 | NOTE | |
r-patched-linux-x86_64 | 1.0-5 | 3.78 | 48.54 | 52.32 | NOTE | |
r-release-linux-x86_64 | 1.0-5 | 2.66 | 48.15 | 50.81 | NOTE | |
r-release-macos-arm64 | 1.0-5 | 33.00 | NOTE | |||
r-release-macos-x86_64 | 1.0-5 | 43.00 | NOTE | |||
r-release-windows-x86_64 | 1.0-5 | 4.00 | 83.00 | 87.00 | NOTE | |
r-oldrel-macos-arm64 | 1.0-5 | 31.00 | NOTE | |||
r-oldrel-macos-x86_64 | 1.0-5 | 37.00 | NOTE | |||
r-oldrel-windows-x86_64 | 1.0-5 | 8.00 | 89.00 | 97.00 | NOTE |
Version: 1.0-5
Check: LazyData
Result: NOTE
'LazyData' is specified without a 'data' directory
Flavors: r-devel-linux-x86_64-debian-clang, r-devel-linux-x86_64-debian-gcc, r-devel-linux-x86_64-fedora-clang, r-devel-linux-x86_64-fedora-gcc, r-devel-windows-x86_64, r-patched-linux-x86_64, r-release-linux-x86_64, r-release-macos-arm64, r-release-macos-x86_64, r-release-windows-x86_64, r-oldrel-macos-arm64, r-oldrel-macos-x86_64, r-oldrel-windows-x86_64
Version: 1.0-5
Check: re-building of vignette outputs
Result: NOTE
Error(s) in re-building vignettes:
...
--- re-building ‘lorentz.Rnw’ using Sweave
Loading required package: magrittr
Error: processing vignette 'lorentz.Rnw' failed with diagnostics:
Running 'texi2dvi' on 'lorentz.tex' failed.
LaTeX errors:
! LaTeX Error: File `dsfont.sty' not found.
Type X to quit or <RETURN> to proceed,
or enter new name. (Default extension: sty)
! Emergency stop.
<read *>
l.4 \usepackage
{bbm}^^M
! ==> Fatal error occurred, no output PDF file produced!
--- failed re-building ‘lorentz.Rnw’
SUMMARY: processing the following file failed:
‘lorentz.Rnw’
Error: Vignette re-building failed.
Execution halted
Flavor: r-release-macos-x86_64