CRAN Package Check Results for Package lorentz

Last updated on 2022-01-25 15:54:22 CET.

Flavor Version Tinstall Tcheck Ttotal Status Flags
r-devel-linux-x86_64-debian-clang 1.0-5 2.82 54.78 57.60 NOTE
r-devel-linux-x86_64-debian-gcc 1.0-5 2.25 42.95 45.20 NOTE
r-devel-linux-x86_64-fedora-clang 1.0-5 74.76 NOTE
r-devel-linux-x86_64-fedora-gcc 1.0-5 62.89 NOTE
r-devel-windows-x86_64-new-UL 1.0-5 50.00 101.00 151.00 NOTE
r-devel-windows-x86_64-new-TK 1.0-5 NOTE
r-patched-linux-x86_64 1.0-5 3.75 52.97 56.72 NOTE
r-release-linux-x86_64 1.0-5 2.62 52.70 55.32 NOTE
r-release-macos-arm64 1.0-5 NOTE
r-release-macos-x86_64 1.0-5 NOTE
r-release-windows-ix86+x86_64 1.0-5 8.00 73.00 81.00 NOTE
r-oldrel-macos-x86_64 1.0-5 OK
r-oldrel-windows-ix86+x86_64 1.0-5 6.00 73.00 79.00 OK

Check Details

Version: 1.0-5
Check: LazyData
Result: NOTE
     'LazyData' is specified without a 'data' directory
Flavors: r-devel-linux-x86_64-debian-clang, r-devel-linux-x86_64-debian-gcc, r-devel-linux-x86_64-fedora-clang, r-devel-linux-x86_64-fedora-gcc, r-devel-windows-x86_64-new-UL, r-devel-windows-x86_64-new-TK, r-patched-linux-x86_64, r-release-linux-x86_64, r-release-macos-arm64, r-release-macos-x86_64, r-release-windows-ix86+x86_64