CRAN Package Check Results for Package longreadvqs

Last updated on 2024-07-23 15:48:13 CEST.

Flavor Version Tinstall Tcheck Ttotal Status Flags
r-devel-linux-x86_64-debian-clang 0.1.2 23.69 382.24 405.93 OK
r-devel-linux-x86_64-debian-gcc 0.1.2 18.87 288.23 307.10 OK
r-devel-linux-x86_64-fedora-clang 0.1.2 529.20 OK
r-devel-linux-x86_64-fedora-gcc 0.1.2 494.41 OK
r-devel-windows-x86_64 0.1.2 22.00 274.00 296.00 OK
r-patched-linux-x86_64 0.1.2 15.20 365.93 381.13 OK
r-release-linux-x86_64 0.1.2 18.55 367.14 385.69 OK
r-release-macos-arm64 0.1.2 5.00 ERROR
r-release-macos-x86_64 0.1.2 7.00 ERROR
r-release-windows-x86_64 0.1.2 21.00 278.00 299.00 OK
r-oldrel-macos-arm64 0.1.2 11.00 ERROR
r-oldrel-macos-x86_64 0.1.2 12.00 ERROR
r-oldrel-windows-x86_64 0.1.2 29.00 340.00 369.00 OK

Check Details

Version: 0.1.2
Check: package dependencies
Result: ERROR Package required but not available: ‘QSutils’ See section ‘The DESCRIPTION file’ in the ‘Writing R Extensions’ manual. Flavors: r-release-macos-arm64, r-release-macos-x86_64, r-oldrel-macos-arm64, r-oldrel-macos-x86_64