Last updated on 2025-01-18 04:48:28 CET.
Flavor | Version | Tinstall | Tcheck | Ttotal | Status | Flags |
---|---|---|---|---|---|---|
r-devel-linux-x86_64-debian-clang | 0.1.3 | 22.09 | 310.33 | 332.42 | OK | |
r-devel-linux-x86_64-debian-gcc | 0.1.3 | 15.11 | 205.31 | 220.42 | OK | |
r-devel-linux-x86_64-fedora-clang | 0.1.3 | 544.90 | OK | |||
r-devel-linux-x86_64-fedora-gcc | 0.1.3 | 527.57 | OK | |||
r-devel-windows-x86_64 | 0.1.3 | 22.00 | 286.00 | 308.00 | OK | |
r-patched-linux-x86_64 | 0.1.3 | 19.18 | 289.97 | 309.15 | OK | |
r-release-linux-x86_64 | 0.1.3 | 18.74 | 295.16 | 313.90 | OK | |
r-release-macos-arm64 | 0.1.3 | 102.00 | OK | |||
r-release-macos-x86_64 | 0.1.3 | 11.00 | ERROR | |||
r-release-windows-x86_64 | 0.1.3 | 23.00 | 288.00 | 311.00 | OK | |
r-oldrel-macos-arm64 | 0.1.3 | 10.00 | ERROR | |||
r-oldrel-macos-x86_64 | 0.1.3 | 11.00 | ERROR | |||
r-oldrel-windows-x86_64 | 0.1.3 | 28.00 | 333.00 | 361.00 | OK |
Version: 0.1.3
Check: package dependencies
Result: ERROR
Package required but not available: ‘QSutils’
See section ‘The DESCRIPTION file’ in the ‘Writing R Extensions’
manual.
Flavors: r-release-macos-x86_64, r-oldrel-macos-arm64, r-oldrel-macos-x86_64