CRAN Package Check Results for Package lolR

Last updated on 2021-10-22 03:55:28 CEST.

Flavor Version Tinstall Tcheck Ttotal Status Flags
r-devel-linux-x86_64-debian-clang 2.1 9.79 190.54 200.33 NOTE
r-devel-linux-x86_64-debian-gcc 2.1 6.98 137.61 144.59 NOTE
r-devel-linux-x86_64-fedora-clang 2.1 237.08 NOTE
r-devel-linux-x86_64-fedora-gcc 2.1 2.81 ERROR
r-devel-windows-x86_64 2.1 15.00 236.00 251.00 NOTE
r-devel-windows-x86_64-gcc10-UCRT 2.1 ERROR
r-patched-linux-x86_64 2.1 10.21 210.22 220.43 NOTE
r-patched-solaris-x86 2.1 200.90 NOTE
r-release-linux-x86_64 2.1 9.77 208.32 218.09 NOTE
r-release-macos-arm64 2.1 NOTE
r-release-macos-x86_64 2.1 NOTE
r-release-windows-ix86+x86_64 2.1 21.00 257.00 278.00 NOTE
r-oldrel-macos-x86_64 2.1 NOTE
r-oldrel-windows-ix86+x86_64 2.1 23.00 278.00 301.00 OK

Check Details

Version: 2.1
Check: LazyData
Result: NOTE
     'LazyData' is specified without a 'data' directory
Flavors: r-devel-linux-x86_64-debian-clang, r-devel-linux-x86_64-debian-gcc, r-devel-linux-x86_64-fedora-clang, r-devel-windows-x86_64, r-patched-linux-x86_64, r-patched-solaris-x86, r-release-linux-x86_64, r-release-macos-arm64, r-release-macos-x86_64, r-release-windows-ix86+x86_64

Version: 2.1
Check: dependencies in R code
Result: NOTE
    Namespace in Imports field not imported from: ‘ggplot2’
     All declared Imports should be used.
Flavors: r-devel-linux-x86_64-fedora-clang, r-patched-solaris-x86, r-release-macos-arm64, r-release-macos-x86_64, r-oldrel-macos-x86_64

Version: 2.1
Check: package dependencies
Result: ERROR
    Package required but not available: ‘robust’
    
    See section ‘The DESCRIPTION file’ in the ‘Writing R Extensions’
    manual.
Flavors: r-devel-linux-x86_64-fedora-gcc, r-devel-windows-x86_64-gcc10-UCRT