CRAN Package Check Results for Package login

Last updated on 2025-06-21 15:49:31 CEST.

Flavor Version Tinstall Tcheck Ttotal Status Flags
r-devel-linux-x86_64-debian-clang 0.9.3 6.80 62.54 69.34 NOTE
r-devel-linux-x86_64-debian-gcc 0.9.3 5.41 45.60 51.01 NOTE
r-devel-linux-x86_64-fedora-clang 0.9.3 109.18 NOTE
r-devel-linux-x86_64-fedora-gcc 0.9.3 118.83 NOTE
r-devel-windows-x86_64 0.9.3 9.00 81.00 90.00 NOTE
r-patched-linux-x86_64 0.9.3 6.82 57.64 64.46 NOTE
r-release-linux-x86_64 0.9.3 6.55 58.21 64.76 NOTE
r-release-macos-arm64 0.9.3 48.00 NOTE
r-release-macos-x86_64 0.9.3 72.00 NOTE
r-release-windows-x86_64 0.9.3 9.00 81.00 90.00 NOTE
r-oldrel-macos-arm64 0.9.3 40.00 OK
r-oldrel-macos-x86_64 0.9.3 69.00 OK
r-oldrel-windows-x86_64 0.9.3 12.00 95.00 107.00 OK

Check Details

Version: 0.9.3
Check: DESCRIPTION meta-information
Result: NOTE Missing dependency on R >= 4.1.0 because package code uses the pipe |> or function shorthand \(...) syntax added in R 4.1.0. File(s) using such syntax: ‘emayili_emailer.R’ ‘login_server.R’ Flavors: r-devel-linux-x86_64-debian-clang, r-devel-linux-x86_64-debian-gcc, r-devel-linux-x86_64-fedora-clang, r-devel-linux-x86_64-fedora-gcc, r-devel-windows-x86_64, r-patched-linux-x86_64, r-release-linux-x86_64, r-release-macos-arm64, r-release-macos-x86_64, r-release-windows-x86_64