CRAN Package Check Results for Package logKDE

Last updated on 2023-02-05 15:55:19 CET.

Flavor Version Tinstall Tcheck Ttotal Status Flags
r-devel-linux-x86_64-debian-clang 0.3.2 22.17 62.73 84.90 NOTE
r-devel-linux-x86_64-debian-gcc 0.3.2 13.68 49.10 62.78 NOTE
r-devel-linux-x86_64-fedora-clang 0.3.2 111.18 NOTE
r-devel-linux-x86_64-fedora-gcc 0.3.2 121.05 NOTE
r-devel-windows-x86_64 0.3.2 32.00 120.00 152.00 NOTE
r-patched-linux-x86_64 0.3.2 14.95 64.11 79.06 NOTE
r-release-linux-x86_64 0.3.2 14.38 62.49 76.87 NOTE
r-release-macos-arm64 0.3.2 30.00 NOTE
r-release-macos-x86_64 0.3.2 46.00 NOTE
r-release-windows-x86_64 0.3.2 25.00 123.00 148.00 NOTE
r-oldrel-macos-arm64 0.3.2 33.00 NOTE
r-oldrel-macos-x86_64 0.3.2 64.00 NOTE
r-oldrel-windows-ix86+x86_64 0.3.2 50.00 161.00 211.00 NOTE

Check Details

Version: 0.3.2
Check: C++ specification
Result: NOTE
     Specified C++11: please update to current default of C++17
Flavors: r-devel-linux-x86_64-debian-clang, r-devel-linux-x86_64-debian-gcc, r-devel-linux-x86_64-fedora-clang, r-devel-linux-x86_64-fedora-gcc, r-devel-windows-x86_64

Version: 0.3.2
Check: LazyData
Result: NOTE
     'LazyData' is specified without a 'data' directory
Flavors: r-devel-linux-x86_64-debian-clang, r-devel-linux-x86_64-debian-gcc, r-devel-linux-x86_64-fedora-clang, r-devel-linux-x86_64-fedora-gcc, r-devel-windows-x86_64, r-patched-linux-x86_64, r-release-linux-x86_64, r-release-macos-arm64, r-release-macos-x86_64, r-release-windows-x86_64, r-oldrel-macos-arm64, r-oldrel-macos-x86_64, r-oldrel-windows-ix86+x86_64