CRAN Package Check Results for Package localsolver

Last updated on 2022-01-16 15:48:32 CET.

Flavor Version Tinstall Tcheck Ttotal Status Flags
r-devel-linux-x86_64-debian-clang 2.3 2.12 32.78 34.90 OK --no-examples --no-tests --no-vignettes
r-devel-linux-x86_64-debian-gcc 2.3 1.72 25.39 27.11 OK --no-examples --no-tests --no-vignettes
r-devel-windows-x86_64-new-UL 2.3 70.00 68.00 138.00 OK
r-devel-windows-x86_64-new-TK 2.3 OK --no-examples --no-tests --no-vignettes
r-patched-linux-x86_64 2.3 2.84 31.63 34.47 OK --no-examples --no-tests --no-vignettes
r-release-linux-x86_64 2.3 OK --no-examples --no-tests --no-vignettes
r-release-macos-arm64 2.3 ERROR
r-release-macos-x86_64 2.3 ERROR
r-release-windows-ix86+x86_64 2.3 6.00 45.00 51.00 OK
r-oldrel-macos-x86_64 2.3 ERROR
r-oldrel-windows-ix86+x86_64 2.3 5.00 46.00 51.00 OK

Check Details

Version: 2.3
Check: examples
Result: ERROR
    Running examples in ‘localsolver-Ex.R’ failed
    The error most likely occurred in:
    
    > ### Name: add.output.expr
    > ### Title: Add expression to output of ls.problem.
    > ### Aliases: add.output.expr
    >
    > ### ** Examples
    >
    > model.text.lsp <- lsp.model.example('extdata/knapsack.txt')
    > lsp <- ls.problem(model.text.lsp)
    sh: localsolver: command not found
    Error in ls.problem(model.text.lsp) :
     has.localsolver(ls.path) is not TRUE
    Calls: ls.problem -> stopifnot
    Execution halted
Flavors: r-release-macos-arm64, r-release-macos-x86_64, r-oldrel-macos-x86_64

Version: 2.3
Check: re-building of vignette outputs
Result: WARN
    Error(s) in re-building vignettes:
     ...
    --- re-building ‘localsolver.Rmd’ using knitr
    sh: localsolver: command not found
    Quitting from lines 66-68 (localsolver.Rmd)
    Error: processing vignette 'localsolver.Rmd' failed with diagnostics:
    has.localsolver(ls.path) is not TRUE
    --- failed re-building ‘localsolver.Rmd’
    
    SUMMARY: processing the following file failed:
     ‘localsolver.Rmd’
    
    Error: Vignette re-building failed.
    Execution halted
Flavors: r-release-macos-arm64, r-release-macos-x86_64, r-oldrel-macos-x86_64