Last updated on 2023-02-02 04:05:52 CET.
Flavor | Version | Tinstall | Tcheck | Ttotal | Status | Flags |
---|---|---|---|---|---|---|
r-devel-linux-x86_64-debian-clang | 1.1.1 | 3.54 | 62.55 | 66.09 | NOTE | |
r-devel-linux-x86_64-debian-gcc | 1.1.1 | 2.87 | 46.23 | 49.10 | NOTE | |
r-devel-linux-x86_64-fedora-clang | 1.1.1 | 79.14 | NOTE | |||
r-devel-linux-x86_64-fedora-gcc | 1.1.1 | 90.82 | NOTE | |||
r-devel-windows-x86_64 | 1.1.1 | 20.00 | 118.00 | 138.00 | NOTE | |
r-patched-linux-x86_64 | 1.1.1 | 2.94 | 57.46 | 60.40 | OK | |
r-release-linux-x86_64 | 1.1.1 | 3.01 | 58.80 | 61.81 | OK | |
r-release-macos-arm64 | 1.1.1 | 41.00 | OK | |||
r-release-macos-x86_64 | 1.1.1 | 45.00 | OK | |||
r-release-windows-x86_64 | 1.1.1 | 29.00 | 119.00 | 148.00 | OK | |
r-oldrel-macos-arm64 | 1.1.1 | 37.00 | OK | |||
r-oldrel-macos-x86_64 | 1.1.1 | 68.00 | OK | |||
r-oldrel-windows-ix86+x86_64 | 1.1.1 | 8.00 | 94.00 | 102.00 | OK |
Version: 1.1.1
Check: package subdirectories
Result: NOTE
Problems with news in ‘NEWS.md’:
Cannot extract version info from the following section titles:
Author
Maintainer
Flavors: r-devel-linux-x86_64-debian-clang, r-devel-linux-x86_64-debian-gcc, r-devel-linux-x86_64-fedora-clang, r-devel-linux-x86_64-fedora-gcc, r-devel-windows-x86_64