CRAN Package Check Results for Package lmviz

Last updated on 2022-01-28 04:00:53 CET.

Flavor Version Tinstall Tcheck Ttotal Status Flags
r-devel-linux-x86_64-debian-clang 0.2.0 9.57 94.84 104.41 NOTE
r-devel-linux-x86_64-debian-gcc 0.2.0 9.49 76.30 85.79 NOTE
r-devel-linux-x86_64-fedora-clang 0.2.0 121.75 NOTE
r-devel-linux-x86_64-fedora-gcc 0.2.0 114.71 NOTE
r-devel-windows-x86_64-new-UL 0.2.0 58.00 115.00 173.00 NOTE
r-devel-windows-x86_64-new-TK 0.2.0 ERROR
r-patched-linux-x86_64 0.2.0 8.62 87.25 95.87 NOTE
r-release-linux-x86_64 0.2.0 9.84 86.26 96.10 NOTE
r-release-macos-arm64 0.2.0 NOTE
r-release-macos-x86_64 0.2.0 NOTE
r-release-windows-ix86+x86_64 0.2.0 24.00 103.00 127.00 NOTE
r-oldrel-macos-x86_64 0.2.0 NOTE
r-oldrel-windows-ix86+x86_64 0.2.0 163.00 105.00 268.00 OK

Check Details

Version: 0.2.0
Check: LazyData
Result: NOTE
     'LazyData' is specified without a 'data' directory
Flavors: r-devel-linux-x86_64-debian-clang, r-devel-linux-x86_64-debian-gcc, r-devel-linux-x86_64-fedora-clang, r-devel-linux-x86_64-fedora-gcc, r-devel-windows-x86_64-new-UL, r-patched-linux-x86_64, r-release-linux-x86_64, r-release-macos-arm64, r-release-macos-x86_64, r-release-windows-ix86+x86_64

Version: 0.2.0
Check: dependencies in R code
Result: NOTE
    Namespace in Imports field not imported from: ‘shinyjs’
     All declared Imports should be used.
Flavors: r-devel-linux-x86_64-fedora-clang, r-devel-linux-x86_64-fedora-gcc, r-release-macos-arm64, r-release-macos-x86_64, r-oldrel-macos-x86_64

Version: 0.2.0
Check: package dependencies
Result: ERROR
    Package required but not available: 'car'
    
    See section 'The DESCRIPTION file' in the 'Writing R Extensions'
    manual.
Flavor: r-devel-windows-x86_64-new-TK