CRAN Package Check Results for Package lmeInfo

Last updated on 2022-01-27 04:05:26 CET.

Flavor Version Tinstall Tcheck Ttotal Status Flags
r-devel-linux-x86_64-debian-clang 0.1.3 3.58 142.42 146.00 OK
r-devel-linux-x86_64-debian-gcc 0.1.3 3.18 103.35 106.53 OK
r-devel-linux-x86_64-fedora-clang 0.1.3 180.20 OK
r-devel-linux-x86_64-fedora-gcc 0.1.3 165.69 OK
r-devel-windows-x86_64-new-UL 0.1.3 36.00 168.00 204.00 OK
r-devel-windows-x86_64-new-TK 0.1.3 ERROR
r-patched-linux-x86_64 0.1.3 3.96 132.82 136.78 OK
r-release-linux-x86_64 0.1.3 3.82 134.37 138.19 OK
r-release-macos-arm64 0.1.3 OK
r-release-macos-x86_64 0.1.3 OK
r-release-windows-ix86+x86_64 0.1.3 7.00 161.00 168.00 OK
r-oldrel-macos-x86_64 0.1.3 OK
r-oldrel-windows-ix86+x86_64 0.1.3 7.00 161.00 168.00 OK

Check Details

Version: 0.1.3
Check: package dependencies
Result: NOTE
    Packages suggested but not available for checking:
     'mlmRev', 'lme4', 'merDeriv'
Flavor: r-devel-windows-x86_64-new-TK

Version: 0.1.3
Check: tests
Result: ERROR
     Running 'testthat.R'
    Running the tests in 'tests/testthat.R' failed.
    Complete output:
     > library(testthat)
     > library(lmeInfo)
     >
     > test_check("lmeInfo")
     [ FAIL 2 | WARN 0 | SKIP 9 | PASS 976 ]
    
     ══ Skipped tests ═══════════════════════════════════════════════════════════════
     • On CRAN (9)
    
     ══ Failed tests ════════════════════════════════════════════════════════════════
     ── Error (test-against-merDeriv.R:1:1): (code run outside of `test_that()`) ────
     <packageNotFoundError/error/condition>
     Error in `library(lme4)`: there is no package called 'lme4'
     Backtrace:
     █
     1. └─base::library(lme4) test-against-merDeriv.R:1:0
     ── Error (test-multivariate-models.R:5:1): (code run outside of `test_that()`) ──
     <packageNotFoundError/error/condition>
     Error in `find.package(package, lib.loc, verbose = verbose)`: there is no package called 'mlmRev'
     Backtrace:
     █
     1. └─utils::data(bdf, package = "mlmRev") test-multivariate-models.R:5:0
     2. └─base::find.package(package, lib.loc, verbose = verbose)
    
     [ FAIL 2 | WARN 0 | SKIP 9 | PASS 976 ]
     Error: Test failures
     Execution halted
Flavor: r-devel-windows-x86_64-new-TK