CRAN Package Check Results for Package liver

Last updated on 2021-10-16 15:50:50 CEST.

Flavor Version Tinstall Tcheck Ttotal Status Flags
r-devel-linux-x86_64-debian-clang 1.9 2.94 32.38 35.32 OK
r-devel-linux-x86_64-debian-gcc 1.9 2.17 25.52 27.69 OK
r-devel-linux-x86_64-fedora-clang 1.9 54.00 NOTE
r-devel-linux-x86_64-fedora-gcc 1.9 43.56 NOTE
r-devel-windows-x86_64 1.9 5.00 44.00 49.00 OK
r-devel-windows-x86_64-gcc10-UCRT 1.9 ERROR
r-patched-linux-x86_64 1.9 3.44 30.92 34.36 OK
r-patched-solaris-x86 1.9 57.90 NOTE
r-release-linux-x86_64 1.9 2.39 30.84 33.23 OK
r-release-macos-arm64 1.9 NOTE
r-release-macos-x86_64 1.9 NOTE
r-release-windows-ix86+x86_64 1.9 7.00 59.00 66.00 OK
r-oldrel-macos-x86_64 1.9 NOTE
r-oldrel-windows-ix86+x86_64 1.9 7.00 64.00 71.00 OK

Check Details

Version: 1.9
Check: data for non-ASCII characters
Result: NOTE
     Note: found 266 marked UTF-8 strings
Flavors: r-devel-linux-x86_64-fedora-clang, r-devel-linux-x86_64-fedora-gcc, r-devel-windows-x86_64-gcc10-UCRT, r-patched-solaris-x86, r-release-macos-arm64, r-release-macos-x86_64, r-oldrel-macos-x86_64

Version: 1.9
Check: PDF version of manual
Result: WARN
    LaTeX errors when creating PDF version.
    This typically indicates Rd problems.
Flavor: r-devel-windows-x86_64-gcc10-UCRT

Version: 1.9
Check: PDF version of manual without hyperrefs or index
Result: ERROR
    Re-running with no redirection of stdout/stderr.
Flavor: r-devel-windows-x86_64-gcc10-UCRT