CRAN Package Check Results for Package liteq

Last updated on 2024-07-15 15:54:27 CEST.

Flavor Version Tinstall Tcheck Ttotal Status Flags
r-devel-linux-x86_64-debian-clang 1.1.0 3.79 46.08 49.87 NOTE
r-devel-linux-x86_64-debian-gcc 1.1.0 4.22 34.35 38.57 NOTE
r-devel-linux-x86_64-fedora-clang 1.1.0 64.48 NOTE
r-devel-linux-x86_64-fedora-gcc 1.1.0 59.51 NOTE
r-devel-windows-x86_64 1.1.0 6.00 56.00 62.00 NOTE
r-patched-linux-x86_64 1.1.0 4.88 44.05 48.93 NOTE
r-release-linux-x86_64 1.1.0 4.22 44.09 48.31 NOTE
r-release-macos-arm64 1.1.0 22.00 NOTE
r-release-macos-x86_64 1.1.0 33.00 NOTE
r-release-windows-x86_64 1.1.0 6.00 57.00 63.00 NOTE
r-oldrel-macos-arm64 1.1.0 23.00 NOTE
r-oldrel-macos-x86_64 1.1.0 30.00 NOTE
r-oldrel-windows-x86_64 1.1.0 7.00 61.00 68.00 NOTE

Check Details

Version: 1.1.0
Check: LazyData
Result: NOTE 'LazyData' is specified without a 'data' directory Flavors: r-devel-linux-x86_64-debian-clang, r-devel-linux-x86_64-debian-gcc, r-devel-linux-x86_64-fedora-clang, r-devel-linux-x86_64-fedora-gcc, r-devel-windows-x86_64, r-patched-linux-x86_64, r-release-linux-x86_64, r-release-macos-arm64, r-release-macos-x86_64, r-release-windows-x86_64, r-oldrel-macos-arm64, r-oldrel-macos-x86_64, r-oldrel-windows-x86_64