CRAN Package Check Results for Package lintr

Last updated on 2021-12-02 04:54:13 CET.

Flavor Version Tinstall Tcheck Ttotal Status Flags
r-devel-linux-x86_64-debian-clang 2.0.1 9.44 71.24 80.68 NOTE
r-devel-linux-x86_64-debian-gcc 2.0.1 6.45 53.58 60.03 NOTE
r-devel-linux-x86_64-fedora-clang 2.0.1 102.10 NOTE
r-devel-linux-x86_64-fedora-gcc 2.0.1 104.40 NOTE
r-devel-windows-x86_64-new-UL 2.0.1 20.00 133.00 153.00 NOTE
r-devel-windows-x86_64-new-TK 2.0.1 NOTE
r-devel-windows-x86_64-old 2.0.1 12.00 79.00 91.00 NOTE
r-patched-linux-x86_64 2.0.1 9.60 67.90 77.50 NOTE
r-patched-solaris-x86 2.0.1 120.30 NOTE
r-release-linux-x86_64 2.0.1 9.64 67.27 76.91 NOTE
r-release-macos-arm64 2.0.1 NOTE
r-release-macos-x86_64 2.0.1 NOTE
r-release-windows-ix86+x86_64 2.0.1 13.00 94.00 107.00 NOTE
r-oldrel-macos-x86_64 2.0.1 OK
r-oldrel-windows-ix86+x86_64 2.0.1 13.00 98.00 111.00 OK

Check Details

Version: 2.0.1
Check: LazyData
Result: NOTE
     'LazyData' is specified without a 'data' directory
Flavors: r-devel-linux-x86_64-debian-clang, r-devel-linux-x86_64-debian-gcc, r-devel-linux-x86_64-fedora-clang, r-devel-linux-x86_64-fedora-gcc, r-devel-windows-x86_64-new-UL, r-devel-windows-x86_64-new-TK, r-devel-windows-x86_64-old, r-patched-linux-x86_64, r-patched-solaris-x86, r-release-linux-x86_64, r-release-macos-arm64, r-release-macos-x86_64, r-release-windows-ix86+x86_64