CRAN Package Check Results for Package linl

Last updated on 2022-01-22 15:52:16 CET.

Flavor Version Tinstall Tcheck Ttotal Status Flags
r-devel-linux-x86_64-debian-clang 0.0.4 2.32 41.27 43.59 OK
r-devel-linux-x86_64-debian-gcc 0.0.4 1.71 32.15 33.86 OK
r-devel-linux-x86_64-fedora-clang 0.0.4 53.53 NOTE
r-devel-linux-x86_64-fedora-gcc 0.0.4 42.03 OK
r-devel-windows-x86_64-new-UL 0.0.4 17.00 85.00 102.00 OK
r-devel-windows-x86_64-new-TK 0.0.4 OK
r-patched-linux-x86_64 0.0.4 1.74 38.15 39.89 OK
r-release-linux-x86_64 0.0.4 1.76 39.05 40.81 OK
r-release-macos-arm64 0.0.4 OK
r-release-macos-x86_64 0.0.4 OK
r-release-windows-ix86+x86_64 0.0.4 6.00 58.00 64.00 OK
r-oldrel-macos-x86_64 0.0.4 OK
r-oldrel-windows-ix86+x86_64 0.0.4 6.00 58.00 64.00 OK

Check Details

Version: 0.0.4
Check: Rd cross-references
Result: NOTE
    Undeclared package ‘pinp’ in Rd xrefs
Flavor: r-devel-linux-x86_64-fedora-clang