CRAN Package Check Results for Package link2GI

Last updated on 2022-06-26 15:53:03 CEST.

Flavor Version Tinstall Tcheck Ttotal Status Flags
r-devel-linux-x86_64-debian-clang 0.4-7 10.78 122.33 133.11 OK
r-devel-linux-x86_64-debian-gcc 0.4-7 8.13 91.15 99.28 OK
r-devel-linux-x86_64-fedora-clang 0.4-7 177.48 NOTE
r-devel-linux-x86_64-fedora-gcc 0.4-7 164.87 NOTE
r-devel-windows-x86_64 0.4-7 35.00 153.00 188.00 OK
r-patched-linux-x86_64 0.4-7 16.96 115.59 132.55 OK
r-release-linux-x86_64 0.4-7 10.58 118.58 129.16 OK
r-release-macos-arm64 0.4-7 47.00 NOTE
r-release-macos-x86_64 0.4-7 90.00 NOTE
r-release-windows-x86_64 0.4-7 39.00 172.00 211.00 OK
r-oldrel-macos-arm64 0.4-7 55.00 NOTE
r-oldrel-macos-x86_64 0.4-7 56.00 NOTE
r-oldrel-windows-ix86+x86_64 0.4-7 30.00 146.00 176.00 OK

Check Details

Version: 0.4-7
Check: dependencies in R code
Result: NOTE
    Namespace in Imports field not imported from: ‘methods’
     All declared Imports should be used.
Flavors: r-devel-linux-x86_64-fedora-clang, r-devel-linux-x86_64-fedora-gcc, r-release-macos-arm64, r-release-macos-x86_64, r-oldrel-macos-arm64, r-oldrel-macos-x86_64